{"id":96526,"date":"2025-03-15T16:03:19","date_gmt":"2025-03-15T15:03:19","guid":{"rendered":"http:\/\/js-photo.fr\/acceuil\/?page_id=96526"},"modified":"2025-06-06T20:27:10","modified_gmt":"2025-06-06T19:27:10","slug":"matinee-fagots-2025","status":"publish","type":"page","link":"http:\/\/js-photo.fr\/acceuil\/matinee-fagots-2025","title":{"rendered":"Matin\u00e9e fagots 2025"},"content":{"rendered":"\n<p class=\"has-large-font-size\">Comme tous les ans \u00e0 l&rsquo;appel du comit\u00e9 des f\u00eates de Nort-sur-Erdre, des b\u00e9n\u00e9voles se r\u00e9unissent pour confectionner des fagots qui seront vendus au profit d&rsquo;une association de lutte contre le cancer.<\/p>\n\n\n\n<figure class=\"wp-block-gallery has-nested-images columns-1 is-cropped wp-block-gallery-2 is-layout-flex wp-block-gallery-is-layout-flex\">\n<figure class=\"wp-block-image size-large is-style-default\"><img loading=\"lazy\" decoding=\"async\" width=\"1198\" height=\"800\" data-id=\"96527\" src=\"http:\/\/js-photo.fr\/wp-content\/uploads\/2025\/03\/Fagots2025-0001-1198x800.jpg\" alt=\"\" class=\"wp-image-96527\" srcset=\"http:\/\/js-photo.fr\/wp-content\/uploads\/2025\/03\/Fagots2025-0001-1198x800.jpg 1198w, http:\/\/js-photo.fr\/wp-content\/uploads\/2025\/03\/Fagots2025-0001-768x513.jpg 768w, http:\/\/js-photo.fr\/wp-content\/uploads\/2025\/03\/Fagots2025-0001-1536x1026.jpg 1536w, http:\/\/js-photo.fr\/wp-content\/uploads\/2025\/03\/Fagots2025-0001-2048x1367.jpg 2048w\" sizes=\"auto, (max-width: 1198px) 100vw, 1198px\" \/><\/figure>\n\n\n\n<figure class=\"wp-block-image size-large\"><img loading=\"lazy\" decoding=\"async\" width=\"1198\" height=\"800\" data-id=\"96531\" src=\"http:\/\/js-photo.fr\/wp-content\/uploads\/2025\/03\/Fagots2025-0002-1198x800.jpg\" alt=\"\" class=\"wp-image-96531\" srcset=\"http:\/\/js-photo.fr\/wp-content\/uploads\/2025\/03\/Fagots2025-0002-1198x800.jpg 1198w, http:\/\/js-photo.fr\/wp-content\/uploads\/2025\/03\/Fagots2025-0002-768x513.jpg 768w, http:\/\/js-photo.fr\/wp-content\/uploads\/2025\/03\/Fagots2025-0002-1536x1026.jpg 1536w, http:\/\/js-photo.fr\/wp-content\/uploads\/2025\/03\/Fagots2025-0002-2048x1367.jpg 2048w\" sizes=\"auto, (max-width: 1198px) 100vw, 1198px\" \/><\/figure>\n\n\n\n<figure class=\"wp-block-image size-large\"><img loading=\"lazy\" decoding=\"async\" width=\"1198\" height=\"800\" data-id=\"96529\" src=\"http:\/\/js-photo.fr\/wp-content\/uploads\/2025\/03\/Fagots2025-0003-1198x800.jpg\" alt=\"\" class=\"wp-image-96529\" srcset=\"http:\/\/js-photo.fr\/wp-content\/uploads\/2025\/03\/Fagots2025-0003-1198x800.jpg 1198w, http:\/\/js-photo.fr\/wp-content\/uploads\/2025\/03\/Fagots2025-0003-768x513.jpg 768w, http:\/\/js-photo.fr\/wp-content\/uploads\/2025\/03\/Fagots2025-0003-1536x1026.jpg 1536w, http:\/\/js-photo.fr\/wp-content\/uploads\/2025\/03\/Fagots2025-0003-2048x1367.jpg 2048w\" sizes=\"auto, (max-width: 1198px) 100vw, 1198px\" \/><\/figure>\n\n\n\n<figure class=\"wp-block-image size-large\"><img loading=\"lazy\" decoding=\"async\" width=\"1198\" height=\"800\" data-id=\"96532\" src=\"http:\/\/js-photo.fr\/wp-content\/uploads\/2025\/03\/Fagots2025-0004-1198x800.jpg\" alt=\"\" class=\"wp-image-96532\" srcset=\"http:\/\/js-photo.fr\/wp-content\/uploads\/2025\/03\/Fagots2025-0004-1198x800.jpg 1198w, http:\/\/js-photo.fr\/wp-content\/uploads\/2025\/03\/Fagots2025-0004-768x513.jpg 768w, http:\/\/js-photo.fr\/wp-content\/uploads\/2025\/03\/Fagots2025-0004-1536x1026.jpg 1536w, http:\/\/js-photo.fr\/wp-content\/uploads\/2025\/03\/Fagots2025-0004-2048x1367.jpg 2048w\" sizes=\"auto, (max-width: 1198px) 100vw, 1198px\" \/><\/figure>\n\n\n\n<figure class=\"wp-block-image size-large\"><img loading=\"lazy\" decoding=\"async\" width=\"1198\" height=\"800\" data-id=\"96528\" src=\"http:\/\/js-photo.fr\/wp-content\/uploads\/2025\/03\/Fagots2025-0005-1198x800.jpg\" alt=\"\" class=\"wp-image-96528\" srcset=\"http:\/\/js-photo.fr\/wp-content\/uploads\/2025\/03\/Fagots2025-0005-1198x800.jpg 1198w, http:\/\/js-photo.fr\/wp-content\/uploads\/2025\/03\/Fagots2025-0005-768x513.jpg 768w, http:\/\/js-photo.fr\/wp-content\/uploads\/2025\/03\/Fagots2025-0005-1536x1026.jpg 1536w, http:\/\/js-photo.fr\/wp-content\/uploads\/2025\/03\/Fagots2025-0005-2048x1367.jpg 2048w\" sizes=\"auto, (max-width: 1198px) 100vw, 1198px\" \/><\/figure>\n\n\n\n<figure class=\"wp-block-image size-large\"><img loading=\"lazy\" decoding=\"async\" width=\"1198\" height=\"800\" data-id=\"96530\" src=\"http:\/\/js-photo.fr\/wp-content\/uploads\/2025\/03\/Fagots2025-0006-1198x800.jpg\" alt=\"\" class=\"wp-image-96530\" srcset=\"http:\/\/js-photo.fr\/wp-content\/uploads\/2025\/03\/Fagots2025-0006-1198x800.jpg 1198w, http:\/\/js-photo.fr\/wp-content\/uploads\/2025\/03\/Fagots2025-0006-768x513.jpg 768w, http:\/\/js-photo.fr\/wp-content\/uploads\/2025\/03\/Fagots2025-0006-1536x1026.jpg 1536w, http:\/\/js-photo.fr\/wp-content\/uploads\/2025\/03\/Fagots2025-0006-2048x1367.jpg 2048w\" sizes=\"auto, (max-width: 1198px) 100vw, 1198px\" \/><\/figure>\n\n\n\n<figure class=\"wp-block-image size-large\"><img loading=\"lazy\" decoding=\"async\" width=\"1198\" height=\"800\" data-id=\"96533\" src=\"http:\/\/js-photo.fr\/wp-content\/uploads\/2025\/03\/Fagots2025-0007-1198x800.jpg\" alt=\"\" class=\"wp-image-96533\" srcset=\"http:\/\/js-photo.fr\/wp-content\/uploads\/2025\/03\/Fagots2025-0007-1198x800.jpg 1198w, http:\/\/js-photo.fr\/wp-content\/uploads\/2025\/03\/Fagots2025-0007-768x513.jpg 768w, http:\/\/js-photo.fr\/wp-content\/uploads\/2025\/03\/Fagots2025-0007-1536x1026.jpg 1536w, http:\/\/js-photo.fr\/wp-content\/uploads\/2025\/03\/Fagots2025-0007-2048x1367.jpg 2048w\" sizes=\"auto, (max-width: 1198px) 100vw, 1198px\" \/><\/figure>\n\n\n\n<figure class=\"wp-block-image size-large\"><img loading=\"lazy\" decoding=\"async\" width=\"1198\" height=\"800\" data-id=\"96534\" src=\"http:\/\/js-photo.fr\/wp-content\/uploads\/2025\/03\/Fagots2025-0008-1198x800.jpg\" alt=\"\" class=\"wp-image-96534\" srcset=\"http:\/\/js-photo.fr\/wp-content\/uploads\/2025\/03\/Fagots2025-0008-1198x800.jpg 1198w, http:\/\/js-photo.fr\/wp-content\/uploads\/2025\/03\/Fagots2025-0008-768x513.jpg 768w, http:\/\/js-photo.fr\/wp-content\/uploads\/2025\/03\/Fagots2025-0008-1536x1026.jpg 1536w, http:\/\/js-photo.fr\/wp-content\/uploads\/2025\/03\/Fagots2025-0008-2048x1367.jpg 2048w\" sizes=\"auto, (max-width: 1198px) 100vw, 1198px\" \/><\/figure>\n\n\n\n<figure class=\"wp-block-image size-large\"><img loading=\"lazy\" decoding=\"async\" width=\"1198\" height=\"800\" data-id=\"96535\" src=\"http:\/\/js-photo.fr\/wp-content\/uploads\/2025\/03\/Fagots2025-0009-1198x800.jpg\" alt=\"\" class=\"wp-image-96535\" srcset=\"http:\/\/js-photo.fr\/wp-content\/uploads\/2025\/03\/Fagots2025-0009-1198x800.jpg 1198w, http:\/\/js-photo.fr\/wp-content\/uploads\/2025\/03\/Fagots2025-0009-768x513.jpg 768w, http:\/\/js-photo.fr\/wp-content\/uploads\/2025\/03\/Fagots2025-0009-1536x1026.jpg 1536w, http:\/\/js-photo.fr\/wp-content\/uploads\/2025\/03\/Fagots2025-0009-2048x1367.jpg 2048w\" sizes=\"auto, (max-width: 1198px) 100vw, 1198px\" \/><\/figure>\n\n\n\n<figure class=\"wp-block-image size-large\"><img loading=\"lazy\" decoding=\"async\" width=\"1198\" height=\"800\" data-id=\"96536\" src=\"http:\/\/js-photo.fr\/wp-content\/uploads\/2025\/03\/Fagots2025-0010-1198x800.jpg\" alt=\"\" class=\"wp-image-96536\" srcset=\"http:\/\/js-photo.fr\/wp-content\/uploads\/2025\/03\/Fagots2025-0010-1198x800.jpg 1198w, http:\/\/js-photo.fr\/wp-content\/uploads\/2025\/03\/Fagots2025-0010-768x513.jpg 768w, http:\/\/js-photo.fr\/wp-content\/uploads\/2025\/03\/Fagots2025-0010-1536x1026.jpg 1536w, http:\/\/js-photo.fr\/wp-content\/uploads\/2025\/03\/Fagots2025-0010-2048x1367.jpg 2048w\" sizes=\"auto, (max-width: 1198px) 100vw, 1198px\" \/><\/figure>\n\n\n\n<figure class=\"wp-block-image size-large\"><img loading=\"lazy\" decoding=\"async\" width=\"1198\" height=\"800\" data-id=\"96537\" src=\"http:\/\/js-photo.fr\/wp-content\/uploads\/2025\/03\/Fagots2025-0011-1198x800.jpg\" alt=\"\" class=\"wp-image-96537\" srcset=\"http:\/\/js-photo.fr\/wp-content\/uploads\/2025\/03\/Fagots2025-0011-1198x800.jpg 1198w, http:\/\/js-photo.fr\/wp-content\/uploads\/2025\/03\/Fagots2025-0011-768x513.jpg 768w, http:\/\/js-photo.fr\/wp-content\/uploads\/2025\/03\/Fagots2025-0011-1536x1026.jpg 1536w, http:\/\/js-photo.fr\/wp-content\/uploads\/2025\/03\/Fagots2025-0011-2048x1367.jpg 2048w\" sizes=\"auto, (max-width: 1198px) 100vw, 1198px\" \/><\/figure>\n\n\n\n<figure class=\"wp-block-image size-large\"><img loading=\"lazy\" decoding=\"async\" width=\"1198\" height=\"800\" data-id=\"96538\" src=\"http:\/\/js-photo.fr\/wp-content\/uploads\/2025\/03\/Fagots2025-0012-1198x800.jpg\" alt=\"\" class=\"wp-image-96538\" srcset=\"http:\/\/js-photo.fr\/wp-content\/uploads\/2025\/03\/Fagots2025-0012-1198x800.jpg 1198w, http:\/\/js-photo.fr\/wp-content\/uploads\/2025\/03\/Fagots2025-0012-768x513.jpg 768w, http:\/\/js-photo.fr\/wp-content\/uploads\/2025\/03\/Fagots2025-0012-1536x1026.jpg 1536w, http:\/\/js-photo.fr\/wp-content\/uploads\/2025\/03\/Fagots2025-0012-2048x1367.jpg 2048w\" sizes=\"auto, (max-width: 1198px) 100vw, 1198px\" \/><\/figure>\n\n\n\n<figure class=\"wp-block-image size-large\"><img loading=\"lazy\" decoding=\"async\" width=\"1198\" height=\"800\" data-id=\"96539\" src=\"http:\/\/js-photo.fr\/wp-content\/uploads\/2025\/03\/Fagots2025-0013-1198x800.jpg\" alt=\"\" class=\"wp-image-96539\" srcset=\"http:\/\/js-photo.fr\/wp-content\/uploads\/2025\/03\/Fagots2025-0013-1198x800.jpg 1198w, http:\/\/js-photo.fr\/wp-content\/uploads\/2025\/03\/Fagots2025-0013-768x513.jpg 768w, http:\/\/js-photo.fr\/wp-content\/uploads\/2025\/03\/Fagots2025-0013-1536x1026.jpg 1536w, http:\/\/js-photo.fr\/wp-content\/uploads\/2025\/03\/Fagots2025-0013-2048x1367.jpg 2048w\" sizes=\"auto, (max-width: 1198px) 100vw, 1198px\" \/><\/figure>\n\n\n\n<figure class=\"wp-block-image size-large\"><img loading=\"lazy\" decoding=\"async\" width=\"1198\" height=\"800\" data-id=\"96540\" src=\"http:\/\/js-photo.fr\/wp-content\/uploads\/2025\/03\/Fagots2025-0014-1198x800.jpg\" alt=\"\" class=\"wp-image-96540\" srcset=\"http:\/\/js-photo.fr\/wp-content\/uploads\/2025\/03\/Fagots2025-0014-1198x800.jpg 1198w, http:\/\/js-photo.fr\/wp-content\/uploads\/2025\/03\/Fagots2025-0014-768x513.jpg 768w, http:\/\/js-photo.fr\/wp-content\/uploads\/2025\/03\/Fagots2025-0014-1536x1026.jpg 1536w, http:\/\/js-photo.fr\/wp-content\/uploads\/2025\/03\/Fagots2025-0014-2048x1367.jpg 2048w\" sizes=\"auto, (max-width: 1198px) 100vw, 1198px\" \/><\/figure>\n\n\n\n<figure class=\"wp-block-image size-large\"><img loading=\"lazy\" decoding=\"async\" width=\"1198\" height=\"800\" data-id=\"96541\" src=\"http:\/\/js-photo.fr\/wp-content\/uploads\/2025\/03\/Fagots2025-0015-1198x800.jpg\" alt=\"\" class=\"wp-image-96541\" srcset=\"http:\/\/js-photo.fr\/wp-content\/uploads\/2025\/03\/Fagots2025-0015-1198x800.jpg 1198w, http:\/\/js-photo.fr\/wp-content\/uploads\/2025\/03\/Fagots2025-0015-768x513.jpg 768w, http:\/\/js-photo.fr\/wp-content\/uploads\/2025\/03\/Fagots2025-0015-1536x1026.jpg 1536w, http:\/\/js-photo.fr\/wp-content\/uploads\/2025\/03\/Fagots2025-0015-2048x1367.jpg 2048w\" sizes=\"auto, (max-width: 1198px) 100vw, 1198px\" \/><\/figure>\n\n\n\n<figure class=\"wp-block-image size-large\"><img loading=\"lazy\" decoding=\"async\" width=\"1198\" height=\"800\" data-id=\"96542\" src=\"http:\/\/js-photo.fr\/wp-content\/uploads\/2025\/03\/Fagots2025-0016-1198x800.jpg\" alt=\"\" class=\"wp-image-96542\" srcset=\"http:\/\/js-photo.fr\/wp-content\/uploads\/2025\/03\/Fagots2025-0016-1198x800.jpg 1198w, http:\/\/js-photo.fr\/wp-content\/uploads\/2025\/03\/Fagots2025-0016-768x513.jpg 768w, http:\/\/js-photo.fr\/wp-content\/uploads\/2025\/03\/Fagots2025-0016-1536x1026.jpg 1536w, http:\/\/js-photo.fr\/wp-content\/uploads\/2025\/03\/Fagots2025-0016-2048x1367.jpg 2048w\" sizes=\"auto, (max-width: 1198px) 100vw, 1198px\" \/><\/figure>\n\n\n\n<figure class=\"wp-block-image size-large\"><img loading=\"lazy\" decoding=\"async\" width=\"1198\" height=\"800\" data-id=\"96543\" src=\"http:\/\/js-photo.fr\/wp-content\/uploads\/2025\/03\/Fagots2025-0017-1198x800.jpg\" alt=\"\" class=\"wp-image-96543\" srcset=\"http:\/\/js-photo.fr\/wp-content\/uploads\/2025\/03\/Fagots2025-0017-1198x800.jpg 1198w, http:\/\/js-photo.fr\/wp-content\/uploads\/2025\/03\/Fagots2025-0017-768x513.jpg 768w, http:\/\/js-photo.fr\/wp-content\/uploads\/2025\/03\/Fagots2025-0017-1536x1026.jpg 1536w, http:\/\/js-photo.fr\/wp-content\/uploads\/2025\/03\/Fagots2025-0017-2048x1367.jpg 2048w\" sizes=\"auto, (max-width: 1198px) 100vw, 1198px\" \/><\/figure>\n\n\n\n<figure class=\"wp-block-image size-large\"><img loading=\"lazy\" decoding=\"async\" width=\"1198\" height=\"800\" data-id=\"96544\" src=\"http:\/\/js-photo.fr\/wp-content\/uploads\/2025\/03\/Fagots2025-0018-1198x800.jpg\" alt=\"\" class=\"wp-image-96544\" srcset=\"http:\/\/js-photo.fr\/wp-content\/uploads\/2025\/03\/Fagots2025-0018-1198x800.jpg 1198w, http:\/\/js-photo.fr\/wp-content\/uploads\/2025\/03\/Fagots2025-0018-768x513.jpg 768w, http:\/\/js-photo.fr\/wp-content\/uploads\/2025\/03\/Fagots2025-0018-1536x1026.jpg 1536w, http:\/\/js-photo.fr\/wp-content\/uploads\/2025\/03\/Fagots2025-0018-2048x1367.jpg 2048w\" sizes=\"auto, (max-width: 1198px) 100vw, 1198px\" \/><\/figure>\n\n\n\n<figure class=\"wp-block-image size-large\"><img loading=\"lazy\" decoding=\"async\" width=\"1198\" height=\"800\" data-id=\"96545\" src=\"http:\/\/js-photo.fr\/wp-content\/uploads\/2025\/03\/Fagots2025-0019-1198x800.jpg\" alt=\"\" class=\"wp-image-96545\" srcset=\"http:\/\/js-photo.fr\/wp-content\/uploads\/2025\/03\/Fagots2025-0019-1198x800.jpg 1198w, http:\/\/js-photo.fr\/wp-content\/uploads\/2025\/03\/Fagots2025-0019-768x513.jpg 768w, http:\/\/js-photo.fr\/wp-content\/uploads\/2025\/03\/Fagots2025-0019-1536x1026.jpg 1536w, http:\/\/js-photo.fr\/wp-content\/uploads\/2025\/03\/Fagots2025-0019-2048x1367.jpg 2048w\" sizes=\"auto, (max-width: 1198px) 100vw, 1198px\" \/><\/figure>\n\n\n\n<figure class=\"wp-block-image size-large\"><img loading=\"lazy\" decoding=\"async\" width=\"1198\" height=\"800\" data-id=\"96546\" src=\"http:\/\/js-photo.fr\/wp-content\/uploads\/2025\/03\/Fagots2025-0020-1198x800.jpg\" alt=\"\" class=\"wp-image-96546\" srcset=\"http:\/\/js-photo.fr\/wp-content\/uploads\/2025\/03\/Fagots2025-0020-1198x800.jpg 1198w, http:\/\/js-photo.fr\/wp-content\/uploads\/2025\/03\/Fagots2025-0020-768x513.jpg 768w, http:\/\/js-photo.fr\/wp-content\/uploads\/2025\/03\/Fagots2025-0020-1536x1026.jpg 1536w, http:\/\/js-photo.fr\/wp-content\/uploads\/2025\/03\/Fagots2025-0020-2048x1367.jpg 2048w\" sizes=\"auto, (max-width: 1198px) 100vw, 1198px\" \/><\/figure>\n\n\n\n<figure class=\"wp-block-image size-large\"><img loading=\"lazy\" decoding=\"async\" width=\"1198\" height=\"800\" data-id=\"96547\" src=\"http:\/\/js-photo.fr\/wp-content\/uploads\/2025\/03\/Fagots2025-0021-1198x800.jpg\" alt=\"\" class=\"wp-image-96547\" srcset=\"http:\/\/js-photo.fr\/wp-content\/uploads\/2025\/03\/Fagots2025-0021-1198x800.jpg 1198w, http:\/\/js-photo.fr\/wp-content\/uploads\/2025\/03\/Fagots2025-0021-768x513.jpg 768w, http:\/\/js-photo.fr\/wp-content\/uploads\/2025\/03\/Fagots2025-0021-1536x1026.jpg 1536w, http:\/\/js-photo.fr\/wp-content\/uploads\/2025\/03\/Fagots2025-0021-2048x1367.jpg 2048w\" sizes=\"auto, (max-width: 1198px) 100vw, 1198px\" \/><\/figure>\n\n\n\n<figure class=\"wp-block-image size-large\"><img loading=\"lazy\" decoding=\"async\" width=\"1198\" height=\"800\" data-id=\"96548\" src=\"http:\/\/js-photo.fr\/wp-content\/uploads\/2025\/03\/Fagots2025-0022-1198x800.jpg\" alt=\"\" class=\"wp-image-96548\" srcset=\"http:\/\/js-photo.fr\/wp-content\/uploads\/2025\/03\/Fagots2025-0022-1198x800.jpg 1198w, http:\/\/js-photo.fr\/wp-content\/uploads\/2025\/03\/Fagots2025-0022-768x513.jpg 768w, http:\/\/js-photo.fr\/wp-content\/uploads\/2025\/03\/Fagots2025-0022-1536x1026.jpg 1536w, http:\/\/js-photo.fr\/wp-content\/uploads\/2025\/03\/Fagots2025-0022-2048x1367.jpg 2048w\" sizes=\"auto, (max-width: 1198px) 100vw, 1198px\" \/><\/figure>\n\n\n\n<figure class=\"wp-block-image size-large\"><img loading=\"lazy\" decoding=\"async\" width=\"1198\" height=\"800\" data-id=\"96549\" src=\"http:\/\/js-photo.fr\/wp-content\/uploads\/2025\/03\/Fagots2025-0023-1198x800.jpg\" alt=\"\" class=\"wp-image-96549\" srcset=\"http:\/\/js-photo.fr\/wp-content\/uploads\/2025\/03\/Fagots2025-0023-1198x800.jpg 1198w, http:\/\/js-photo.fr\/wp-content\/uploads\/2025\/03\/Fagots2025-0023-768x513.jpg 768w, http:\/\/js-photo.fr\/wp-content\/uploads\/2025\/03\/Fagots2025-0023-1536x1026.jpg 1536w, http:\/\/js-photo.fr\/wp-content\/uploads\/2025\/03\/Fagots2025-0023-2048x1367.jpg 2048w\" sizes=\"auto, (max-width: 1198px) 100vw, 1198px\" \/><\/figure>\n\n\n\n<figure class=\"wp-block-image size-large\"><img loading=\"lazy\" decoding=\"async\" width=\"1198\" height=\"800\" data-id=\"96550\" src=\"http:\/\/js-photo.fr\/wp-content\/uploads\/2025\/03\/Fagots2025-0024-1198x800.jpg\" alt=\"\" class=\"wp-image-96550\" srcset=\"http:\/\/js-photo.fr\/wp-content\/uploads\/2025\/03\/Fagots2025-0024-1198x800.jpg 1198w, http:\/\/js-photo.fr\/wp-content\/uploads\/2025\/03\/Fagots2025-0024-768x513.jpg 768w, http:\/\/js-photo.fr\/wp-content\/uploads\/2025\/03\/Fagots2025-0024-1536x1026.jpg 1536w, http:\/\/js-photo.fr\/wp-content\/uploads\/2025\/03\/Fagots2025-0024-2048x1367.jpg 2048w\" sizes=\"auto, (max-width: 1198px) 100vw, 1198px\" \/><\/figure>\n<\/figure>\n","protected":false},"excerpt":{"rendered":"<p>Comme tous les ans \u00e0 l&rsquo;appel du comit\u00e9 des f\u00eates de Nort-sur-Erdre, des b\u00e9n\u00e9voles se r\u00e9unissent pour confectionner des fagots qui seront vendus au profit &hellip; <\/p>\n","protected":false},"author":1,"featured_media":0,"parent":0,"menu_order":0,"comment_status":"closed","ping_status":"closed","template":"","meta":{"footnotes":""},"class_list":["post-96526","page","type-page","status-publish","hentry"],"_links":{"self":[{"href":"http:\/\/js-photo.fr\/acceuil\/wp-json\/wp\/v2\/pages\/96526","targetHints":{"allow":["GET"]}}],"collection":[{"href":"http:\/\/js-photo.fr\/acceuil\/wp-json\/wp\/v2\/pages"}],"about":[{"href":"http:\/\/js-photo.fr\/acceuil\/wp-json\/wp\/v2\/types\/page"}],"author":[{"embeddable":true,"href":"http:\/\/js-photo.fr\/acceuil\/wp-json\/wp\/v2\/users\/1"}],"replies":[{"embeddable":true,"href":"http:\/\/js-photo.fr\/acceuil\/wp-json\/wp\/v2\/comments?post=96526"}],"version-history":[{"count":4,"href":"http:\/\/js-photo.fr\/acceuil\/wp-json\/wp\/v2\/pages\/96526\/revisions"}],"predecessor-version":[{"id":112153,"href":"http:\/\/js-photo.fr\/acceuil\/wp-json\/wp\/v2\/pages\/96526\/revisions\/112153"}],"wp:attachment":[{"href":"http:\/\/js-photo.fr\/acceuil\/wp-json\/wp\/v2\/media?parent=96526"}],"curies":[{"name":"wp","href":"https:\/\/api.w.org\/{rel}","templated":true}]}}