{"id":61408,"date":"2024-02-05T08:28:55","date_gmt":"2024-02-05T07:28:55","guid":{"rendered":"http:\/\/js-photo.fr\/acceuil\/?page_id=61408"},"modified":"2024-02-06T22:20:08","modified_gmt":"2024-02-06T21:20:08","slug":"cormaris-trail-2024","status":"publish","type":"page","link":"http:\/\/js-photo.fr\/acceuil\/cormaris-trail-2024","title":{"rendered":"CORMARIS TRAIL 2024"},"content":{"rendered":"\n<p>Le CORMARIS TRAIL est une \u00e9preuve organis\u00e9e par l&rsquo;ASC Cormaris Triathlon Athl\u00e9tisme, section de l&rsquo;Association Sportive de la ville de Cordemais et est affili\u00e9e \u00e0 la F\u00e9d\u00e9ration Fran\u00e7aise d&rsquo;Athl\u00e9tisme.<\/p>\n\n\n\n<ul class=\"wp-block-list\">\n<li>3 \u00e9preuves adultes \u00e9taient au programme&nbsp;:\n<ul class=\"wp-block-list\">\n<li>INTERSPORT 12KM &#8211; 300 participants maximum<\/li>\n\n\n\n<li>ARMOS 18KM &#8211; 400 participants maximum<\/li>\n\n\n\n<li>MELTONIC 30KM &#8211; 400 participants maximum<\/li>\n<\/ul>\n<\/li>\n<\/ul>\n\n\n\n<p>Les parcours de Cormaris Trail mettent en valeur les chemins de grande randonn\u00e9e qui serpentent le Sillon de Bretagne, ligne de cr\u00eate du massif armoricain.<\/p>\n\n\n\n<figure class=\"wp-block-gallery has-nested-images columns-default is-cropped wp-block-gallery-2 is-layout-flex wp-block-gallery-is-layout-flex\">\n<figure class=\"wp-block-image size-large\"><img decoding=\"async\" data-id=\"61409\" src=\"http:\/\/js-photo.fr\/wp-content\/uploads\/AFFICHE-2024-395x559.jpg\" alt=\"\" class=\"wp-image-61409\"\/><\/figure>\n<\/figure>\n\n\n\n<ul class=\"wp-block-list\">\n<li class=\"has-x-large-font-size\">Photos d&rsquo;avant d\u00e9part et du 1er kilom\u00e8tre :\n<ul class=\"wp-block-list\">\n<li class=\"has-large-font-size\"><a href=\"http:\/\/js-photo.fr\/acceuil\/cormaris-trail-2024-1er-kilometre-page-1\" data-type=\"page\" data-id=\"61411\">Cormaris Trail 2024 : 1er kilom\u00e8tre page 1<\/a><\/li>\n\n\n\n<li><a href=\"http:\/\/js-photo.fr\/acceuil\/cormaris-trail-2024-1er-kilometre-page-2\" data-type=\"page\" data-id=\"61413\">Cormaris Trail 2024 : 1er kilom\u00e8tre page 2<\/a><\/li>\n\n\n\n<li><a href=\"http:\/\/js-photo.fr\/acceuil\/cormaris-trail-2024-1er-kilometre-page-3\" data-type=\"page\" data-id=\"61415\">Cormaris Trail 2024 : 1er kilom\u00e8tre page 3<\/a><\/li>\n\n\n\n<li><a href=\"http:\/\/js-photo.fr\/acceuil\/cormaris-trail-2024-1er-kilometre-page-4\" data-type=\"page\" data-id=\"61417\">Cormaris Trail 2024 : 1er kilom\u00e8tre page 4<\/a><\/li>\n\n\n\n<li><a href=\"http:\/\/js-photo.fr\/acceuil\/cormaris-trail-2024-1er-kilometre-page-5\" data-type=\"page\" data-id=\"61419\">Cormaris Trail 2024 : 1er kilom\u00e8tre page 5<\/a><\/li>\n\n\n\n<li><a href=\"http:\/\/js-photo.fr\/acceuil\/cormaris-trail-2024-1er-kilometre-page-6\" data-type=\"page\" data-id=\"61421\">Cormaris Trail 2024 : 1er kilom\u00e8tre page 6<\/a><\/li>\n\n\n\n<li><a href=\"http:\/\/js-photo.fr\/acceuil\/cormaris-trail-2024-1er-kilometre-page-7\" data-type=\"page\" data-id=\"61423\">Cormaris Trail 2024 : 1er kilom\u00e8tre page 7<\/a><\/li>\n\n\n\n<li class=\"has-x-large-font-size\">Photos du passage dans l&rsquo;eau :\n<ul class=\"wp-block-list\">\n<li><a href=\"http:\/\/js-photo.fr\/acceuil\/cormaris-trail-2024\/cormaris-trail-2024-page-1\" data-type=\"page\" data-id=\"61958\">Cormaris Trail 2024 : page 1<\/a><\/li>\n\n\n\n<li><a href=\"http:\/\/js-photo.fr\/acceuil\/cormaris-trail-2024\/cormaris-trail-2024-page-2\" data-type=\"page\" data-id=\"62042\">Cormaris Trail 2024 : page 2<\/a><\/li>\n\n\n\n<li><a href=\"http:\/\/js-photo.fr\/acceuil\/cormaris-trail-2024\/cormaris-trail-2024-page-3\" data-type=\"page\" data-id=\"62124\">Cormaris Trail 2024 : page 3<\/a><\/li>\n\n\n\n<li><a href=\"http:\/\/js-photo.fr\/acceuil\/cormaris-trail-2024\/cormaris-trail-2024-page-4\" data-type=\"page\" data-id=\"62206\">Cormaris Trail 2024 : page 4<\/a><\/li>\n\n\n\n<li><a href=\"http:\/\/js-photo.fr\/acceuil\/cormaris-trail-2024\/cormaris-trail-2024-page-5\" data-type=\"page\" data-id=\"62288\">Cormaris Trail 2024 : page 5<\/a><\/li>\n\n\n\n<li><a href=\"http:\/\/js-photo.fr\/acceuil\/cormaris-trail-2024\/cormaris-trail-2024-page-6\" data-type=\"page\" data-id=\"62370\">Cormaris Trail 2024 : page 6<\/a><\/li>\n\n\n\n<li><a href=\"http:\/\/js-photo.fr\/acceuil\/cormaris-trail-2024\/cormaris-trail-2024-page-7\" data-type=\"page\" data-id=\"62452\">Cormaris Trail 2024 : page 7<\/a><\/li>\n\n\n\n<li><a href=\"http:\/\/js-photo.fr\/acceuil\/cormaris-trail-2024\/cormaris-trail-2024-page-8\" data-type=\"page\" data-id=\"62534\">Cormaris Trail 2024 : page 8<\/a><\/li>\n\n\n\n<li><a href=\"http:\/\/js-photo.fr\/acceuil\/cormaris-trail-2024\/cormaris-trail-2024-page-9\" data-type=\"page\" data-id=\"62616\">Cormaris Trail 2024 : page 9<\/a><\/li>\n\n\n\n<li><a href=\"http:\/\/js-photo.fr\/acceuil\/cormaris-trail-2024\/cormaris-trail-2024-page-10\" data-type=\"page\" data-id=\"62698\">Cormaris Trail 2024 : page 10<\/a><\/li>\n\n\n\n<li><a href=\"http:\/\/js-photo.fr\/acceuil\/cormaris-trail-2024\/cormaris-trail-2024-page-11\" data-type=\"page\" data-id=\"62780\">Cormaris Trail 2024 : page 11<\/a><\/li>\n\n\n\n<li><a href=\"http:\/\/js-photo.fr\/acceuil\/cormaris-trail-2024\/cormaris-trail-2024-page-12\" data-type=\"page\" data-id=\"62862\">Cormaris Trail 2024 : page 12<\/a><\/li>\n\n\n\n<li><a href=\"http:\/\/js-photo.fr\/acceuil\/cormaris-trail-2024\/cormaris-trail-2024-page-13\" data-type=\"page\" data-id=\"62944\">Cormaris Trail 2024 : page 13<\/a><\/li>\n\n\n\n<li><a href=\"http:\/\/js-photo.fr\/acceuil\/cormaris-trail-2024\/cormaris-trail-2024-page-14\" data-type=\"page\" data-id=\"63026\">Cormaris Trail 2024 : page 14<\/a><\/li>\n\n\n\n<li><a href=\"http:\/\/js-photo.fr\/acceuil\/cormaris-trail-2024\/cormaris-trail-2024-page-15\" data-type=\"page\" data-id=\"63110\">Cormaris Trail 2024 : page 15<\/a><\/li>\n\n\n\n<li><a href=\"http:\/\/js-photo.fr\/acceuil\/cormaris-trail-2024\/cormaris-trail-2024-page-16\" data-type=\"page\" data-id=\"63192\">Cormaris Trail 2024 : page 16<\/a><\/li>\n\n\n\n<li><a href=\"http:\/\/js-photo.fr\/acceuil\/cormaris-trail-2024\/cormaris-trail-2024-page-17\" data-type=\"page\" data-id=\"63274\">Cormaris Trail 2024 : page 17<\/a><\/li>\n<\/ul>\n<\/li>\n<\/ul>\n<\/li>\n<\/ul>\n\n\n\n<p><\/p>\n\n\n\n<p class=\"has-vivid-red-color has-text-color has-link-color has-x-large-font-size wp-elements-e51b5ca7d0d2d568b9141cb0a73f0e40\"><\/p>\n","protected":false},"excerpt":{"rendered":"<p>Le CORMARIS TRAIL est une \u00e9preuve organis\u00e9e par l&rsquo;ASC Cormaris Triathlon Athl\u00e9tisme, section de l&rsquo;Association Sportive de la ville de Cordemais et est affili\u00e9e \u00e0 &hellip; <\/p>\n","protected":false},"author":1,"featured_media":0,"parent":0,"menu_order":0,"comment_status":"closed","ping_status":"closed","template":"","meta":{"footnotes":""},"class_list":["post-61408","page","type-page","status-publish","hentry"],"_links":{"self":[{"href":"http:\/\/js-photo.fr\/acceuil\/wp-json\/wp\/v2\/pages\/61408","targetHints":{"allow":["GET"]}}],"collection":[{"href":"http:\/\/js-photo.fr\/acceuil\/wp-json\/wp\/v2\/pages"}],"about":[{"href":"http:\/\/js-photo.fr\/acceuil\/wp-json\/wp\/v2\/types\/page"}],"author":[{"embeddable":true,"href":"http:\/\/js-photo.fr\/acceuil\/wp-json\/wp\/v2\/users\/1"}],"replies":[{"embeddable":true,"href":"http:\/\/js-photo.fr\/acceuil\/wp-json\/wp\/v2\/comments?post=61408"}],"version-history":[{"count":3,"href":"http:\/\/js-photo.fr\/acceuil\/wp-json\/wp\/v2\/pages\/61408\/revisions"}],"predecessor-version":[{"id":63300,"href":"http:\/\/js-photo.fr\/acceuil\/wp-json\/wp\/v2\/pages\/61408\/revisions\/63300"}],"wp:attachment":[{"href":"http:\/\/js-photo.fr\/acceuil\/wp-json\/wp\/v2\/media?parent=61408"}],"curies":[{"name":"wp","href":"https:\/\/api.w.org\/{rel}","templated":true}]}}