{"id":57807,"date":"2024-01-14T17:50:42","date_gmt":"2024-01-14T16:50:42","guid":{"rendered":"http:\/\/js-photo.fr\/acceuil\/?page_id=57807"},"modified":"2024-01-14T17:52:26","modified_gmt":"2024-01-14T16:52:26","slug":"sprint-des-moussaillons-biathlon-des-pirates-13-janvier-2024-page-1","status":"publish","type":"page","link":"http:\/\/js-photo.fr\/acceuil\/biathlon-des-pirates-13-janvier-2024\/sprint-des-moussaillons-biathlon-des-pirates-13-janvier-2024-page-1","title":{"rendered":"Sprint des Moussaillons, Biathlon des pirates, 13 janvier 2024 page 1"},"content":{"rendered":"\n<figure class=\"wp-block-gallery has-nested-images columns-1 is-cropped wp-block-gallery-2 is-layout-flex wp-block-gallery-is-layout-flex\">\n<figure class=\"wp-block-image size-large\"><img decoding=\"async\" data-id=\"57809\" src=\"http:\/\/js-photo.fr\/wp-content\/uploads\/Sprint-Moussaillons-2024-001-826x551.jpg\" alt=\"\" class=\"wp-image-57809\"\/><\/figure>\n\n\n\n<figure class=\"wp-block-image size-large\"><img decoding=\"async\" data-id=\"57811\" src=\"http:\/\/js-photo.fr\/wp-content\/uploads\/Sprint-Moussaillons-2024-002-826x551.jpg\" alt=\"\" class=\"wp-image-57811\"\/><\/figure>\n\n\n\n<figure class=\"wp-block-image size-large\"><img decoding=\"async\" data-id=\"57810\" src=\"http:\/\/js-photo.fr\/wp-content\/uploads\/Sprint-Moussaillons-2024-003-826x551.jpg\" alt=\"\" class=\"wp-image-57810\"\/><\/figure>\n\n\n\n<figure class=\"wp-block-image size-large\"><img decoding=\"async\" data-id=\"57813\" src=\"http:\/\/js-photo.fr\/wp-content\/uploads\/Sprint-Moussaillons-2024-004-826x551.jpg\" alt=\"\" class=\"wp-image-57813\"\/><\/figure>\n\n\n\n<figure class=\"wp-block-image size-large\"><img decoding=\"async\" data-id=\"57812\" src=\"http:\/\/js-photo.fr\/wp-content\/uploads\/Sprint-Moussaillons-2024-005-826x551.jpg\" alt=\"\" class=\"wp-image-57812\"\/><\/figure>\n\n\n\n<figure class=\"wp-block-image size-large\"><img decoding=\"async\" data-id=\"57814\" src=\"http:\/\/js-photo.fr\/wp-content\/uploads\/Sprint-Moussaillons-2024-006-826x551.jpg\" alt=\"\" class=\"wp-image-57814\"\/><\/figure>\n\n\n\n<figure class=\"wp-block-image size-large\"><img decoding=\"async\" data-id=\"57817\" src=\"http:\/\/js-photo.fr\/wp-content\/uploads\/Sprint-Moussaillons-2024-007-826x551.jpg\" alt=\"\" class=\"wp-image-57817\"\/><\/figure>\n\n\n\n<figure class=\"wp-block-image size-large\"><img decoding=\"async\" data-id=\"57816\" src=\"http:\/\/js-photo.fr\/wp-content\/uploads\/Sprint-Moussaillons-2024-008-826x551.jpg\" alt=\"\" class=\"wp-image-57816\"\/><\/figure>\n\n\n\n<figure class=\"wp-block-image size-large\"><img decoding=\"async\" data-id=\"57815\" src=\"http:\/\/js-photo.fr\/wp-content\/uploads\/Sprint-Moussaillons-2024-009-826x551.jpg\" alt=\"\" class=\"wp-image-57815\"\/><\/figure>\n\n\n\n<figure class=\"wp-block-image size-large\"><img decoding=\"async\" data-id=\"57818\" src=\"http:\/\/js-photo.fr\/wp-content\/uploads\/Sprint-Moussaillons-2024-010-826x551.jpg\" alt=\"\" class=\"wp-image-57818\"\/><\/figure>\n\n\n\n<figure class=\"wp-block-image size-large\"><img decoding=\"async\" data-id=\"57819\" src=\"http:\/\/js-photo.fr\/wp-content\/uploads\/Sprint-Moussaillons-2024-011-826x551.jpg\" alt=\"\" class=\"wp-image-57819\"\/><\/figure>\n\n\n\n<figure class=\"wp-block-image size-large\"><img decoding=\"async\" data-id=\"57820\" src=\"http:\/\/js-photo.fr\/wp-content\/uploads\/Sprint-Moussaillons-2024-012-826x551.jpg\" alt=\"\" class=\"wp-image-57820\"\/><\/figure>\n\n\n\n<figure class=\"wp-block-image size-large\"><img decoding=\"async\" data-id=\"57822\" src=\"http:\/\/js-photo.fr\/wp-content\/uploads\/Sprint-Moussaillons-2024-013-826x551.jpg\" alt=\"\" class=\"wp-image-57822\"\/><\/figure>\n\n\n\n<figure class=\"wp-block-image size-large\"><img decoding=\"async\" data-id=\"57821\" src=\"http:\/\/js-photo.fr\/wp-content\/uploads\/Sprint-Moussaillons-2024-014-826x551.jpg\" alt=\"\" class=\"wp-image-57821\"\/><\/figure>\n\n\n\n<figure class=\"wp-block-image size-large\"><img decoding=\"async\" data-id=\"57823\" src=\"http:\/\/js-photo.fr\/wp-content\/uploads\/Sprint-Moussaillons-2024-015-826x551.jpg\" alt=\"\" class=\"wp-image-57823\"\/><\/figure>\n\n\n\n<figure class=\"wp-block-image size-large\"><img decoding=\"async\" data-id=\"57824\" src=\"http:\/\/js-photo.fr\/wp-content\/uploads\/Sprint-Moussaillons-2024-016-826x551.jpg\" alt=\"\" class=\"wp-image-57824\"\/><\/figure>\n\n\n\n<figure class=\"wp-block-image size-large\"><img decoding=\"async\" data-id=\"57825\" src=\"http:\/\/js-photo.fr\/wp-content\/uploads\/Sprint-Moussaillons-2024-017-826x551.jpg\" alt=\"\" class=\"wp-image-57825\"\/><\/figure>\n\n\n\n<figure class=\"wp-block-image size-large\"><img decoding=\"async\" data-id=\"57826\" src=\"http:\/\/js-photo.fr\/wp-content\/uploads\/Sprint-Moussaillons-2024-018-826x551.jpg\" alt=\"\" class=\"wp-image-57826\"\/><\/figure>\n\n\n\n<figure class=\"wp-block-image size-large\"><img decoding=\"async\" data-id=\"57827\" src=\"http:\/\/js-photo.fr\/wp-content\/uploads\/Sprint-Moussaillons-2024-019-826x551.jpg\" alt=\"\" class=\"wp-image-57827\"\/><\/figure>\n\n\n\n<figure class=\"wp-block-image size-large\"><img decoding=\"async\" data-id=\"57828\" src=\"http:\/\/js-photo.fr\/wp-content\/uploads\/Sprint-Moussaillons-2024-020-826x551.jpg\" alt=\"\" class=\"wp-image-57828\"\/><\/figure>\n\n\n\n<figure class=\"wp-block-image size-large\"><img decoding=\"async\" data-id=\"57829\" src=\"http:\/\/js-photo.fr\/wp-content\/uploads\/Sprint-Moussaillons-2024-021-826x551.jpg\" alt=\"\" class=\"wp-image-57829\"\/><\/figure>\n\n\n\n<figure class=\"wp-block-image size-large\"><img decoding=\"async\" data-id=\"57830\" src=\"http:\/\/js-photo.fr\/wp-content\/uploads\/Sprint-Moussaillons-2024-022-826x551.jpg\" alt=\"\" class=\"wp-image-57830\"\/><\/figure>\n\n\n\n<figure class=\"wp-block-image size-large\"><img decoding=\"async\" data-id=\"57831\" src=\"http:\/\/js-photo.fr\/wp-content\/uploads\/Sprint-Moussaillons-2024-023-826x551.jpg\" alt=\"\" class=\"wp-image-57831\"\/><\/figure>\n\n\n\n<figure class=\"wp-block-image size-large\"><img decoding=\"async\" data-id=\"57832\" src=\"http:\/\/js-photo.fr\/wp-content\/uploads\/Sprint-Moussaillons-2024-024-826x551.jpg\" alt=\"\" class=\"wp-image-57832\"\/><\/figure>\n\n\n\n<figure class=\"wp-block-image size-large\"><img decoding=\"async\" data-id=\"57833\" src=\"http:\/\/js-photo.fr\/wp-content\/uploads\/Sprint-Moussaillons-2024-025-826x551.jpg\" alt=\"\" class=\"wp-image-57833\"\/><\/figure>\n\n\n\n<figure class=\"wp-block-image size-large\"><img decoding=\"async\" data-id=\"57834\" src=\"http:\/\/js-photo.fr\/wp-content\/uploads\/Sprint-Moussaillons-2024-026-826x551.jpg\" alt=\"\" class=\"wp-image-57834\"\/><\/figure>\n\n\n\n<figure class=\"wp-block-image size-large\"><img decoding=\"async\" data-id=\"57835\" src=\"http:\/\/js-photo.fr\/wp-content\/uploads\/Sprint-Moussaillons-2024-027-826x551.jpg\" alt=\"\" class=\"wp-image-57835\"\/><\/figure>\n\n\n\n<figure class=\"wp-block-image size-large\"><img decoding=\"async\" data-id=\"57836\" src=\"http:\/\/js-photo.fr\/wp-content\/uploads\/Sprint-Moussaillons-2024-028-826x551.jpg\" alt=\"\" class=\"wp-image-57836\"\/><\/figure>\n\n\n\n<figure class=\"wp-block-image size-large\"><img decoding=\"async\" data-id=\"57837\" src=\"http:\/\/js-photo.fr\/wp-content\/uploads\/Sprint-Moussaillons-2024-029-826x551.jpg\" alt=\"\" class=\"wp-image-57837\"\/><\/figure>\n\n\n\n<figure class=\"wp-block-image size-large\"><img decoding=\"async\" data-id=\"57838\" src=\"http:\/\/js-photo.fr\/wp-content\/uploads\/Sprint-Moussaillons-2024-030-826x551.jpg\" alt=\"\" class=\"wp-image-57838\"\/><\/figure>\n\n\n\n<figure class=\"wp-block-image size-large\"><img decoding=\"async\" data-id=\"57839\" src=\"http:\/\/js-photo.fr\/wp-content\/uploads\/Sprint-Moussaillons-2024-031-826x551.jpg\" alt=\"\" class=\"wp-image-57839\"\/><\/figure>\n\n\n\n<figure class=\"wp-block-image size-large\"><img decoding=\"async\" data-id=\"57840\" src=\"http:\/\/js-photo.fr\/wp-content\/uploads\/Sprint-Moussaillons-2024-032-826x551.jpg\" alt=\"\" class=\"wp-image-57840\"\/><\/figure>\n\n\n\n<figure class=\"wp-block-image size-large\"><img decoding=\"async\" data-id=\"57841\" src=\"http:\/\/js-photo.fr\/wp-content\/uploads\/Sprint-Moussaillons-2024-033-826x551.jpg\" alt=\"\" class=\"wp-image-57841\"\/><\/figure>\n\n\n\n<figure class=\"wp-block-image size-large\"><img decoding=\"async\" data-id=\"57842\" src=\"http:\/\/js-photo.fr\/wp-content\/uploads\/Sprint-Moussaillons-2024-034-826x551.jpg\" alt=\"\" class=\"wp-image-57842\"\/><\/figure>\n\n\n\n<figure class=\"wp-block-image size-large\"><img decoding=\"async\" data-id=\"57843\" src=\"http:\/\/js-photo.fr\/wp-content\/uploads\/Sprint-Moussaillons-2024-035-826x551.jpg\" alt=\"\" class=\"wp-image-57843\"\/><\/figure>\n\n\n\n<figure class=\"wp-block-image size-large\"><img decoding=\"async\" data-id=\"57844\" src=\"http:\/\/js-photo.fr\/wp-content\/uploads\/Sprint-Moussaillons-2024-036-826x551.jpg\" alt=\"\" class=\"wp-image-57844\"\/><\/figure>\n\n\n\n<figure class=\"wp-block-image size-large\"><img decoding=\"async\" data-id=\"57845\" src=\"http:\/\/js-photo.fr\/wp-content\/uploads\/Sprint-Moussaillons-2024-037-826x551.jpg\" alt=\"\" class=\"wp-image-57845\"\/><\/figure>\n\n\n\n<figure class=\"wp-block-image size-large\"><img decoding=\"async\" data-id=\"57846\" src=\"http:\/\/js-photo.fr\/wp-content\/uploads\/Sprint-Moussaillons-2024-038-826x551.jpg\" alt=\"\" class=\"wp-image-57846\"\/><\/figure>\n\n\n\n<figure class=\"wp-block-image size-large\"><img decoding=\"async\" data-id=\"57847\" src=\"http:\/\/js-photo.fr\/wp-content\/uploads\/Sprint-Moussaillons-2024-039-826x551.jpg\" alt=\"\" class=\"wp-image-57847\"\/><\/figure>\n\n\n\n<figure class=\"wp-block-image size-large\"><img decoding=\"async\" data-id=\"57848\" src=\"http:\/\/js-photo.fr\/wp-content\/uploads\/Sprint-Moussaillons-2024-040-826x551.jpg\" alt=\"\" class=\"wp-image-57848\"\/><\/figure>\n\n\n\n<figure class=\"wp-block-image size-large\"><img decoding=\"async\" data-id=\"57849\" src=\"http:\/\/js-photo.fr\/wp-content\/uploads\/Sprint-Moussaillons-2024-041-826x551.jpg\" alt=\"\" class=\"wp-image-57849\"\/><\/figure>\n\n\n\n<figure class=\"wp-block-image size-large\"><img decoding=\"async\" data-id=\"57850\" src=\"http:\/\/js-photo.fr\/wp-content\/uploads\/Sprint-Moussaillons-2024-042-826x551.jpg\" alt=\"\" class=\"wp-image-57850\"\/><\/figure>\n\n\n\n<figure class=\"wp-block-image size-large\"><img decoding=\"async\" data-id=\"57853\" src=\"http:\/\/js-photo.fr\/wp-content\/uploads\/Sprint-Moussaillons-2024-043-826x551.jpg\" alt=\"\" class=\"wp-image-57853\"\/><\/figure>\n\n\n\n<figure class=\"wp-block-image size-large\"><img decoding=\"async\" data-id=\"57854\" src=\"http:\/\/js-photo.fr\/wp-content\/uploads\/Sprint-Moussaillons-2024-044-826x551.jpg\" alt=\"\" class=\"wp-image-57854\"\/><\/figure>\n\n\n\n<figure class=\"wp-block-image size-large\"><img decoding=\"async\" data-id=\"57851\" src=\"http:\/\/js-photo.fr\/wp-content\/uploads\/Sprint-Moussaillons-2024-045-826x551.jpg\" alt=\"\" class=\"wp-image-57851\"\/><\/figure>\n\n\n\n<figure class=\"wp-block-image size-large\"><img decoding=\"async\" data-id=\"57852\" src=\"http:\/\/js-photo.fr\/wp-content\/uploads\/Sprint-Moussaillons-2024-046-826x551.jpg\" alt=\"\" class=\"wp-image-57852\"\/><\/figure>\n\n\n\n<figure class=\"wp-block-image size-large\"><img decoding=\"async\" data-id=\"57855\" src=\"http:\/\/js-photo.fr\/wp-content\/uploads\/Sprint-Moussaillons-2024-047-826x551.jpg\" alt=\"\" class=\"wp-image-57855\"\/><\/figure>\n\n\n\n<figure class=\"wp-block-image size-large\"><img decoding=\"async\" data-id=\"57856\" src=\"http:\/\/js-photo.fr\/wp-content\/uploads\/Sprint-Moussaillons-2024-048-826x551.jpg\" alt=\"\" class=\"wp-image-57856\"\/><\/figure>\n\n\n\n<figure class=\"wp-block-image size-large\"><img decoding=\"async\" data-id=\"57857\" src=\"http:\/\/js-photo.fr\/wp-content\/uploads\/Sprint-Moussaillons-2024-049-826x551.jpg\" alt=\"\" class=\"wp-image-57857\"\/><\/figure>\n\n\n\n<figure class=\"wp-block-image size-large\"><img decoding=\"async\" data-id=\"57858\" src=\"http:\/\/js-photo.fr\/wp-content\/uploads\/Sprint-Moussaillons-2024-050-826x551.jpg\" alt=\"\" class=\"wp-image-57858\"\/><\/figure>\n\n\n\n<figure class=\"wp-block-image size-large\"><img decoding=\"async\" data-id=\"57859\" src=\"http:\/\/js-photo.fr\/wp-content\/uploads\/Sprint-Moussaillons-2024-051-826x551.jpg\" alt=\"\" class=\"wp-image-57859\"\/><\/figure>\n\n\n\n<figure class=\"wp-block-image size-large\"><img decoding=\"async\" data-id=\"57860\" src=\"http:\/\/js-photo.fr\/wp-content\/uploads\/Sprint-Moussaillons-2024-052-826x551.jpg\" alt=\"\" class=\"wp-image-57860\"\/><\/figure>\n\n\n\n<figure class=\"wp-block-image size-large\"><img decoding=\"async\" data-id=\"57861\" src=\"http:\/\/js-photo.fr\/wp-content\/uploads\/Sprint-Moussaillons-2024-053-826x551.jpg\" alt=\"\" class=\"wp-image-57861\"\/><\/figure>\n\n\n\n<figure class=\"wp-block-image size-large\"><img decoding=\"async\" data-id=\"57862\" src=\"http:\/\/js-photo.fr\/wp-content\/uploads\/Sprint-Moussaillons-2024-054-826x551.jpg\" alt=\"\" class=\"wp-image-57862\"\/><\/figure>\n\n\n\n<figure class=\"wp-block-image size-large\"><img decoding=\"async\" data-id=\"57863\" src=\"http:\/\/js-photo.fr\/wp-content\/uploads\/Sprint-Moussaillons-2024-055-826x551.jpg\" alt=\"\" class=\"wp-image-57863\"\/><\/figure>\n\n\n\n<figure class=\"wp-block-image size-large\"><img decoding=\"async\" data-id=\"57864\" src=\"http:\/\/js-photo.fr\/wp-content\/uploads\/Sprint-Moussaillons-2024-056-826x551.jpg\" alt=\"\" class=\"wp-image-57864\"\/><\/figure>\n\n\n\n<figure class=\"wp-block-image size-large\"><img decoding=\"async\" data-id=\"57865\" src=\"http:\/\/js-photo.fr\/wp-content\/uploads\/Sprint-Moussaillons-2024-057-826x551.jpg\" alt=\"\" class=\"wp-image-57865\"\/><\/figure>\n\n\n\n<figure class=\"wp-block-image size-large\"><img decoding=\"async\" data-id=\"57866\" src=\"http:\/\/js-photo.fr\/wp-content\/uploads\/Sprint-Moussaillons-2024-058-826x551.jpg\" alt=\"\" class=\"wp-image-57866\"\/><\/figure>\n\n\n\n<figure class=\"wp-block-image size-large\"><img decoding=\"async\" data-id=\"57867\" src=\"http:\/\/js-photo.fr\/wp-content\/uploads\/Sprint-Moussaillons-2024-059-826x551.jpg\" alt=\"\" class=\"wp-image-57867\"\/><\/figure>\n\n\n\n<figure class=\"wp-block-image size-large\"><img decoding=\"async\" data-id=\"57868\" src=\"http:\/\/js-photo.fr\/wp-content\/uploads\/Sprint-Moussaillons-2024-060-826x551.jpg\" alt=\"\" class=\"wp-image-57868\"\/><\/figure>\n\n\n\n<figure class=\"wp-block-image size-large\"><img decoding=\"async\" data-id=\"57869\" src=\"http:\/\/js-photo.fr\/wp-content\/uploads\/Sprint-Moussaillons-2024-061-826x551.jpg\" alt=\"\" class=\"wp-image-57869\"\/><\/figure>\n\n\n\n<figure class=\"wp-block-image size-large\"><img decoding=\"async\" data-id=\"57870\" src=\"http:\/\/js-photo.fr\/wp-content\/uploads\/Sprint-Moussaillons-2024-062-826x551.jpg\" alt=\"\" class=\"wp-image-57870\"\/><\/figure>\n\n\n\n<figure class=\"wp-block-image size-large\"><img decoding=\"async\" data-id=\"57871\" src=\"http:\/\/js-photo.fr\/wp-content\/uploads\/Sprint-Moussaillons-2024-063-826x551.jpg\" alt=\"\" class=\"wp-image-57871\"\/><\/figure>\n\n\n\n<figure class=\"wp-block-image size-large\"><img decoding=\"async\" data-id=\"57872\" src=\"http:\/\/js-photo.fr\/wp-content\/uploads\/Sprint-Moussaillons-2024-064-826x551.jpg\" alt=\"\" class=\"wp-image-57872\"\/><\/figure>\n\n\n\n<figure class=\"wp-block-image size-large\"><img decoding=\"async\" data-id=\"57873\" src=\"http:\/\/js-photo.fr\/wp-content\/uploads\/Sprint-Moussaillons-2024-065-826x551.jpg\" alt=\"\" class=\"wp-image-57873\"\/><\/figure>\n\n\n\n<figure class=\"wp-block-image size-large\"><img decoding=\"async\" data-id=\"57874\" src=\"http:\/\/js-photo.fr\/wp-content\/uploads\/Sprint-Moussaillons-2024-066-826x551.jpg\" alt=\"\" class=\"wp-image-57874\"\/><\/figure>\n\n\n\n<figure class=\"wp-block-image size-large\"><img decoding=\"async\" data-id=\"57875\" src=\"http:\/\/js-photo.fr\/wp-content\/uploads\/Sprint-Moussaillons-2024-067-826x551.jpg\" alt=\"\" class=\"wp-image-57875\"\/><\/figure>\n\n\n\n<figure class=\"wp-block-image size-large\"><img decoding=\"async\" data-id=\"57876\" src=\"http:\/\/js-photo.fr\/wp-content\/uploads\/Sprint-Moussaillons-2024-068-826x551.jpg\" alt=\"\" class=\"wp-image-57876\"\/><\/figure>\n\n\n\n<figure class=\"wp-block-image size-large\"><img decoding=\"async\" data-id=\"57877\" src=\"http:\/\/js-photo.fr\/wp-content\/uploads\/Sprint-Moussaillons-2024-069-826x551.jpg\" alt=\"\" class=\"wp-image-57877\"\/><\/figure>\n\n\n\n<figure class=\"wp-block-image size-large\"><img decoding=\"async\" data-id=\"57878\" src=\"http:\/\/js-photo.fr\/wp-content\/uploads\/Sprint-Moussaillons-2024-070-826x551.jpg\" alt=\"\" class=\"wp-image-57878\"\/><\/figure>\n\n\n\n<figure class=\"wp-block-image size-large\"><img decoding=\"async\" data-id=\"57879\" src=\"http:\/\/js-photo.fr\/wp-content\/uploads\/Sprint-Moussaillons-2024-071-826x551.jpg\" alt=\"\" class=\"wp-image-57879\"\/><\/figure>\n\n\n\n<figure class=\"wp-block-image size-large\"><img decoding=\"async\" data-id=\"57880\" src=\"http:\/\/js-photo.fr\/wp-content\/uploads\/Sprint-Moussaillons-2024-072-826x551.jpg\" alt=\"\" class=\"wp-image-57880\"\/><\/figure>\n\n\n\n<figure class=\"wp-block-image size-large\"><img decoding=\"async\" data-id=\"57881\" src=\"http:\/\/js-photo.fr\/wp-content\/uploads\/Sprint-Moussaillons-2024-073-826x551.jpg\" alt=\"\" class=\"wp-image-57881\"\/><\/figure>\n\n\n\n<figure class=\"wp-block-image size-large\"><img decoding=\"async\" data-id=\"57882\" src=\"http:\/\/js-photo.fr\/wp-content\/uploads\/Sprint-Moussaillons-2024-074-826x551.jpg\" alt=\"\" class=\"wp-image-57882\"\/><\/figure>\n\n\n\n<figure class=\"wp-block-image size-large\"><img decoding=\"async\" data-id=\"57883\" src=\"http:\/\/js-photo.fr\/wp-content\/uploads\/Sprint-Moussaillons-2024-075-826x551.jpg\" alt=\"\" class=\"wp-image-57883\"\/><\/figure>\n\n\n\n<figure class=\"wp-block-image size-large\"><img decoding=\"async\" data-id=\"57884\" src=\"http:\/\/js-photo.fr\/wp-content\/uploads\/Sprint-Moussaillons-2024-076-826x551.jpg\" alt=\"\" class=\"wp-image-57884\"\/><\/figure>\n\n\n\n<figure class=\"wp-block-image size-large\"><img decoding=\"async\" data-id=\"57885\" src=\"http:\/\/js-photo.fr\/wp-content\/uploads\/Sprint-Moussaillons-2024-077-826x551.jpg\" alt=\"\" class=\"wp-image-57885\"\/><\/figure>\n\n\n\n<figure class=\"wp-block-image size-large\"><img decoding=\"async\" data-id=\"57886\" src=\"http:\/\/js-photo.fr\/wp-content\/uploads\/Sprint-Moussaillons-2024-078-826x551.jpg\" alt=\"\" class=\"wp-image-57886\"\/><\/figure>\n\n\n\n<figure class=\"wp-block-image size-large\"><img decoding=\"async\" data-id=\"57887\" src=\"http:\/\/js-photo.fr\/wp-content\/uploads\/Sprint-Moussaillons-2024-079-826x551.jpg\" alt=\"\" class=\"wp-image-57887\"\/><\/figure>\n<\/figure>\n\n\n\n<ul class=\"has-medium-font-size wp-block-list\">\n<li class=\"has-x-large-font-size\"><strong>Toutes les photos :<\/strong><\/li>\n\n\n\n<li class=\"has-large-font-size\"><em>1-Biathlon Sprint Adultes : 720 photos r\u00e9parties en 9 pages :<\/em>\n<ul class=\"wp-block-list\">\n<li class=\"has-large-font-size\"><a href=\"http:\/\/js-photo.fr\/acceuil\/sprint-adultes-biathlon-des-pirates-13-janvier-2024-page-1\" data-type=\"page\" data-id=\"57023\">Sprint Adultes, page 1<\/a><\/li>\n\n\n\n<li class=\"has-large-font-size\"><a href=\"http:\/\/js-photo.fr\/acceuil\/sprint-adultes-biathlon-des-pirates-13-janvier-2024-page-2\" data-type=\"page\" data-id=\"57025\">Sprint Adultes, page 2<\/a><\/li>\n\n\n\n<li class=\"has-large-font-size\"><a href=\"http:\/\/js-photo.fr\/acceuil\/sprint-adultes-biathlon-des-pirates-13-janvier-2024-page-3\" data-type=\"page\" data-id=\"57027\">Sprint Adultes, page 3<\/a><\/li>\n\n\n\n<li class=\"has-large-font-size\"><a href=\"http:\/\/js-photo.fr\/acceuil\/sprint-adultes-biathlon-des-pirates-13-janvier-2024-page-4\" data-type=\"page\" data-id=\"57029\">Sprint Adultes, page 4<\/a><\/li>\n\n\n\n<li class=\"has-large-font-size\"><a href=\"http:\/\/js-photo.fr\/acceuil\/sprint-adultes-biathlon-des-pirates-13-janvier-2024-page-5\" data-type=\"page\" data-id=\"57031\">Sprint Adultes, page 5<\/a><\/li>\n\n\n\n<li class=\"has-large-font-size\"><a href=\"http:\/\/js-photo.fr\/acceuil\/sprint-adultes-biathlon-des-pirates-13-janvier-2024-page-6\" data-type=\"page\" data-id=\"57033\">Sprint Adultes, page 6<\/a><\/li>\n\n\n\n<li class=\"has-large-font-size\"><a href=\"http:\/\/js-photo.fr\/acceuil\/sprint-adultes-biathlon-des-pirates-13-janvier-2024-page-7\" data-type=\"page\" data-id=\"57035\">Sprint Adultes, page 7<\/a><\/li>\n\n\n\n<li class=\"has-large-font-size\"><a href=\"http:\/\/js-photo.fr\/acceuil\/sprint-adultes-biathlon-des-pirates-13-janvier-2024-page-8\" data-type=\"page\" data-id=\"57037\">Sprint Adultes, page 8<\/a><\/li>\n\n\n\n<li class=\"has-large-font-size\"><a href=\"http:\/\/js-photo.fr\/acceuil\/sprint-adultes-biathlon-des-pirates-13-janvier-2024-page-9\" data-type=\"page\" data-id=\"57039\">Sprint Adultes, page 9<\/a><\/li>\n<\/ul>\n<\/li>\n\n\n\n<li class=\"has-large-font-size\">2- Sprint Moussaillons : 240 photos r\u00e9parties en 3 pages\n<ul class=\"wp-block-list\">\n<li class=\"has-large-font-size\"><a href=\"http:\/\/js-photo.fr\/acceuil\/biathlon-des-pirates-13-janvier-2024\/sprint-des-moussaillons-biathlon-des-pirates-13-janvier-2024-page-1\" data-type=\"page\" data-id=\"57807\">Sprint des Moussaillons<\/a>,<a href=\"http:\/\/js-photo.fr\/acceuil\/biathlon-des-pirates-13-janvier-2024\/sprint-des-moussaillons-biathlon-des-pirates-13-janvier-2024-page-1\" data-type=\"page\" data-id=\"57807\"> page 1<\/a><\/li>\n\n\n\n<li class=\"has-large-font-size\"><a href=\"http:\/\/js-photo.fr\/acceuil\/biathlon-des-pirates-13-janvier-2024\/sprint-des-moussaillons-biathlon-des-pirates-13-janvier-2024-page-2\" data-type=\"page\" data-id=\"57889\">Sprint des Moussaillons, page 2<\/a><\/li>\n\n\n\n<li class=\"has-large-font-size\"><a href=\"http:\/\/js-photo.fr\/acceuil\/biathlon-des-pirates-13-janvier-2024\/sprint-des-moussaillons-biathlon-des-pirates-13-janvier-2024-page-3\" data-type=\"page\" data-id=\"57971\">Sprint des Moussaillons, page 3<\/a><\/li>\n<\/ul>\n<\/li>\n\n\n\n<li class=\"has-large-font-size\">3- Sprint coll\u00e9giens et d\u00e9fis famille : 260 r\u00e9parties en 4 pages\n<ul class=\"wp-block-list\">\n<li class=\"has-large-font-size\"><a href=\"http:\/\/js-photo.fr\/acceuil\/biathlon-des-pirates-13-janvier-2024\/sprint-des-collegiens-et-famille-biathlon-des-pirates-13-janvier-2024-page-1\" data-type=\"page\" data-id=\"58055\">Sprint des coll\u00e9giens et famille, page 1<\/a><\/li>\n\n\n\n<li class=\"has-large-font-size\"><a href=\"http:\/\/js-photo.fr\/acceuil\/biathlon-des-pirates-13-janvier-2024\/sprint-des-collegiens-et-famille-biathlon-des-pirates-13-janvier-2024-page-2\" data-type=\"page\" data-id=\"58138\">Sprint des coll\u00e9giens et famille, page 2<\/a><\/li>\n\n\n\n<li class=\"has-large-font-size\"><a href=\"http:\/\/js-photo.fr\/acceuil\/biathlon-des-pirates-13-janvier-2024\/sprint-des-collegiens-et-famille-biathlon-des-pirates-13-janvier-2024-page-3\" data-type=\"page\" data-id=\"58220\">Sprint des coll\u00e9giens et famille, page 3<\/a><\/li>\n\n\n\n<li class=\"has-large-font-size\"><a href=\"http:\/\/js-photo.fr\/acceuil\/biathlon-des-pirates-13-janvier-2024\/sprint-des-collegiens-et-famille-biathlon-des-pirates-13-janvier-2024-page-4\" data-type=\"page\" data-id=\"58302\">Sprint des coll\u00e9giens et famille, page 4<\/a><\/li>\n<\/ul>\n<\/li>\n\n\n\n<li class=\"has-large-font-size\">4- Relais adultes : 500 photos r\u00e9parties en 7 pages\n<ul class=\"wp-block-list\">\n<li class=\"has-large-font-size\"><a href=\"http:\/\/js-photo.fr\/acceuil\/biathlon-des-pirates-13-janvier-2024\/course-massstart-relais-biathlon-des-pirates-13-janvier-2024-page-1\" data-type=\"page\" data-id=\"58332\">Course Massstart Relais, page 1<\/a><\/li>\n\n\n\n<li class=\"has-large-font-size\"><a href=\"http:\/\/js-photo.fr\/acceuil\/biathlon-des-pirates-13-janvier-2024\/course-massstart-relais-biathlon-des-pirates-13-janvier-2024-page-2\" data-type=\"page\" data-id=\"58415\">Course Massstart Relais, page 2<\/a><\/li>\n\n\n\n<li class=\"has-large-font-size\"><a href=\"http:\/\/js-photo.fr\/acceuil\/biathlon-des-pirates-13-janvier-2024\/course-massstart-relais-biathlon-des-pirates-13-janvier-2024-page-3\" data-type=\"page\" data-id=\"58497\">Course Massstart Relais, page 3<\/a><\/li>\n\n\n\n<li class=\"has-large-font-size\"><a href=\"http:\/\/js-photo.fr\/acceuil\/biathlon-des-pirates-13-janvier-2024\/course-massstart-relais-biathlon-des-pirates-13-janvier-2024-page-4\" data-type=\"page\" data-id=\"58579\">Course Massstart Relais, page 4<\/a><\/li>\n\n\n\n<li class=\"has-large-font-size\"><a href=\"http:\/\/js-photo.fr\/acceuil\/biathlon-des-pirates-13-janvier-2024\/course-massstart-relais-biathlon-des-pirates-13-janvier-2024-page-5\" data-type=\"page\" data-id=\"58661\">Course Massstart Relais, page 5<\/a><\/li>\n\n\n\n<li class=\"has-large-font-size\"><a href=\"http:\/\/js-photo.fr\/acceuil\/biathlon-des-pirates-13-janvier-2024\/course-massstart-relais-biathlon-des-pirates-13-janvier-2024-page-6\" data-type=\"page\" data-id=\"58743\">Course Massstart Relais, page 6<\/a><\/li>\n\n\n\n<li class=\"has-large-font-size\"><a href=\"http:\/\/js-photo.fr\/acceuil\/biathlon-des-pirates-13-janvier-2024\/course-massstart-relais-biathlon-des-pirates-13-janvier-2024-page-7\" data-type=\"page\" data-id=\"58825\">Course Massstart Relais, page 7<\/a><\/li>\n<\/ul>\n<\/li>\n<\/ul>\n","protected":false},"excerpt":{"rendered":"","protected":false},"author":1,"featured_media":0,"parent":57021,"menu_order":10,"comment_status":"open","ping_status":"closed","template":"","meta":{"footnotes":""},"class_list":["post-57807","page","type-page","status-publish","hentry"],"_links":{"self":[{"href":"http:\/\/js-photo.fr\/acceuil\/wp-json\/wp\/v2\/pages\/57807","targetHints":{"allow":["GET"]}}],"collection":[{"href":"http:\/\/js-photo.fr\/acceuil\/wp-json\/wp\/v2\/pages"}],"about":[{"href":"http:\/\/js-photo.fr\/acceuil\/wp-json\/wp\/v2\/types\/page"}],"author":[{"embeddable":true,"href":"http:\/\/js-photo.fr\/acceuil\/wp-json\/wp\/v2\/users\/1"}],"replies":[{"embeddable":true,"href":"http:\/\/js-photo.fr\/acceuil\/wp-json\/wp\/v2\/comments?post=57807"}],"version-history":[{"count":2,"href":"http:\/\/js-photo.fr\/acceuil\/wp-json\/wp\/v2\/pages\/57807\/revisions"}],"predecessor-version":[{"id":57888,"href":"http:\/\/js-photo.fr\/acceuil\/wp-json\/wp\/v2\/pages\/57807\/revisions\/57888"}],"up":[{"embeddable":true,"href":"http:\/\/js-photo.fr\/acceuil\/wp-json\/wp\/v2\/pages\/57021"}],"wp:attachment":[{"href":"http:\/\/js-photo.fr\/acceuil\/wp-json\/wp\/v2\/media?parent=57807"}],"curies":[{"name":"wp","href":"https:\/\/api.w.org\/{rel}","templated":true}]}}