{"id":44918,"date":"2023-10-08T09:27:46","date_gmt":"2023-10-08T08:27:46","guid":{"rendered":"http:\/\/js-photo.fr\/acceuil\/?page_id=44918"},"modified":"2023-10-08T09:55:17","modified_gmt":"2023-10-08T08:55:17","slug":"beerun-2023","status":"publish","type":"page","link":"http:\/\/js-photo.fr\/acceuil\/beerun-2023","title":{"rendered":"Beerun 2023"},"content":{"rendered":"\n<p class=\"has-large-font-size\">07 octobre 2023 :   3 \u00e8me \u00e9dition du Beerun, une course \u00e0 pied pour les amateurs de bi\u00e8res,  permettant de d\u00e9couvrir des bi\u00e8res venant de brasseries artisanales et locales. 3 courses \u00e9taient au programme, 6 kms, 14 kms et 18 kilom\u00e8tres. Le 6 kilom\u00e8tres se nomme \u00ab la Demi \u00bb et comprend deux \u00ab<br>beerpoints \u00bb, le 14 kilom\u00e8tres se nomme \u00ab la Pinte \u00bb et comprend quatre \u00ab beerpoints \u00bb, enfin le 18<br>kilom\u00e8tres se nomme \u00ab la Mass \u00bb et comprend 6 \u00ab beerpoints \u00bb.<\/p>\n\n\n\n<p><\/p>\n\n\n\n<p><\/p>\n\n\n\n<figure class=\"wp-block-gallery has-nested-images columns-default is-cropped wp-block-gallery-2 is-layout-flex wp-block-gallery-is-layout-flex\">\n<figure class=\"wp-block-image size-large\"><img decoding=\"async\" data-id=\"44942\" src=\"http:\/\/js-photo.fr\/wp-content\/uploads\/2023\/10\/IMG_0000-395x559.jpg\" alt=\"\" class=\"wp-image-44942\"\/><\/figure>\n<\/figure>\n\n\n\n<ul class=\"wp-block-list\">\n<li class=\"has-large-font-size\"> Plus de 850 photos r\u00e9parties en 11 pages :\n<ul class=\"wp-block-list\">\n<li><a href=\"http:\/\/js-photo.fr\/acceuil\/beerun-2023\/beerun-2023-page-1\" data-type=\"page\" data-id=\"44920\">Beerun 2023 page 1<\/a><\/li>\n\n\n\n<li><a href=\"http:\/\/js-photo.fr\/acceuil\/beerun-2023\/beerun-2023-page-2\" data-type=\"page\" data-id=\"44922\">Beerun 2023 page 2<\/a><\/li>\n\n\n\n<li><a href=\"http:\/\/js-photo.fr\/acceuil\/beerun-2023\/beerun-2023-page-3\" data-type=\"page\" data-id=\"44924\">Beerun 2023 page 3<\/a><\/li>\n\n\n\n<li><a href=\"http:\/\/js-photo.fr\/acceuil\/beerun-2023\/beerun-2023-page-4\" data-type=\"page\" data-id=\"44926\">Beerun 2023 page 4<\/a><\/li>\n\n\n\n<li><a href=\"http:\/\/js-photo.fr\/acceuil\/beerun-2023\/beerun-2023-page-5\" data-type=\"page\" data-id=\"44928\">Beerun 2023 page 5<\/a><\/li>\n\n\n\n<li><a href=\"http:\/\/js-photo.fr\/acceuil\/beerun-2023\/beerun-2023-page-6\" data-type=\"page\" data-id=\"44930\">Beerun 2023 page 6<\/a><\/li>\n\n\n\n<li><a href=\"http:\/\/js-photo.fr\/acceuil\/beerun-2023\/beerun-2023-page-7\" data-type=\"page\" data-id=\"44932\">Beerun 2023 page 7<\/a><\/li>\n\n\n\n<li><a href=\"http:\/\/js-photo.fr\/acceuil\/beerun-2023\/beerun-2023-page-8\" data-type=\"page\" data-id=\"44934\">Beerun 2023 page 8<\/a><\/li>\n\n\n\n<li><a href=\"http:\/\/js-photo.fr\/acceuil\/beerun-2023\/beerun-2023-page-9\" data-type=\"page\" data-id=\"44936\">Beerun 2023 page 9<\/a><\/li>\n\n\n\n<li><a href=\"http:\/\/js-photo.fr\/acceuil\/beerun-2023\/beerun-2023-page-10\" data-type=\"page\" data-id=\"44938\">Beerun 2023 page 10<\/a><\/li>\n\n\n\n<li><a href=\"http:\/\/js-photo.fr\/acceuil\/beerun-2023\/beerun-2023-page-11\" data-type=\"page\" data-id=\"44940\">Beerun 2023 page 11<\/a><\/li>\n\n\n\n<li class=\"has-medium-font-size\">N&rsquo;h\u00e9sitez pas \u00e0 partager, identifier suivre et aimer ma page <a href=\"https:\/\/www.facebook.com\/jsphoto.fr\" data-type=\"link\" data-id=\"https:\/\/www.facebook.com\/jsphoto.fr\">Facebook<\/a> . Si vous apparaissez sur l\u2019une des photos pr\u00e9sentes sur l\u2019une des pages de mon site, et que vous voulez obtenir la ou les photos, contactez-moi en pr\u00e9cisant le num\u00e9ro de la photo (en faisant un clic droit) et le num\u00e9ro de dossard \u00e0 <a href=\"mailto:jsphoto@hotmail.fr\">jsphoto@hotmail.fr<\/a><\/li>\n<\/ul>\n<\/li>\n<\/ul>\n","protected":false},"excerpt":{"rendered":"<p>07 octobre 2023 : 3 \u00e8me \u00e9dition du Beerun, une course \u00e0 pied pour les amateurs de bi\u00e8res, permettant de d\u00e9couvrir des bi\u00e8res venant de &hellip; <\/p>\n","protected":false},"author":1,"featured_media":0,"parent":0,"menu_order":0,"comment_status":"open","ping_status":"closed","template":"","meta":{"footnotes":""},"class_list":["post-44918","page","type-page","status-publish","hentry"],"_links":{"self":[{"href":"http:\/\/js-photo.fr\/acceuil\/wp-json\/wp\/v2\/pages\/44918","targetHints":{"allow":["GET"]}}],"collection":[{"href":"http:\/\/js-photo.fr\/acceuil\/wp-json\/wp\/v2\/pages"}],"about":[{"href":"http:\/\/js-photo.fr\/acceuil\/wp-json\/wp\/v2\/types\/page"}],"author":[{"embeddable":true,"href":"http:\/\/js-photo.fr\/acceuil\/wp-json\/wp\/v2\/users\/1"}],"replies":[{"embeddable":true,"href":"http:\/\/js-photo.fr\/acceuil\/wp-json\/wp\/v2\/comments?post=44918"}],"version-history":[{"count":3,"href":"http:\/\/js-photo.fr\/acceuil\/wp-json\/wp\/v2\/pages\/44918\/revisions"}],"predecessor-version":[{"id":44946,"href":"http:\/\/js-photo.fr\/acceuil\/wp-json\/wp\/v2\/pages\/44918\/revisions\/44946"}],"wp:attachment":[{"href":"http:\/\/js-photo.fr\/acceuil\/wp-json\/wp\/v2\/media?parent=44918"}],"curies":[{"name":"wp","href":"https:\/\/api.w.org\/{rel}","templated":true}]}}