{"id":24724,"date":"2023-04-26T18:14:12","date_gmt":"2023-04-26T17:14:12","guid":{"rendered":"http:\/\/js-photo.fr\/?page_id=24724"},"modified":"2023-04-30T17:02:00","modified_gmt":"2023-04-30T16:02:00","slug":"marathon-de-nantes-2023","status":"publish","type":"page","link":"http:\/\/js-photo.fr\/acceuil\/marathon-de-nantes-2023","title":{"rendered":"Marathon de Nantes 2023"},"content":{"rendered":"\n<p class=\"has-medium-font-size\">23 avril 2023 : 41\u00e8me marathon de Nantes. Pour sa 41\u00e8me \u00e9dition, le marathon de Nantes a battu un record avec plus de 17 000 inscrits dans les 3 \u00e9preuves au programme, les foul\u00e9es de l&rsquo;\u00e9l\u00e9phant (10 km le samedi soir), le semi marathon (21 km) et le marathon (42 km). Le dimanche matin, les participants au marathon et semi marathon ont du brav\u00e9s les \u00e9l\u00e9ments , avec  le froid, la pluie et le vent.<\/p>\n\n\n\n<p class=\"has-large-font-size\">Plus de 2200 photos r\u00e9parties en 28 pages :<\/p>\n\n\n\n<li class=\"has-medium-font-size\"><a href=\"http:\/\/js-photo.fr\/marathon-de-nantes-2023-page-1\t\" data-type=\"URL\" data-id=\"http:\/\/js-photo.fr\/marathon-de-nantes-2023-page-1\">Page 1\t<\/a><\/li>\n\n\n\n<li class=\"has-medium-font-size\"><a href=\"http:\/\/js-photo.fr\/marathon-de-nantes-2023-page-2\t\" data-type=\"URL\" data-id=\"http:\/\/js-photo.fr\/marathon-de-nantes-2023-page-2\">Page 2\t<\/a><\/li>\n\n\n\n<li><a href=\"http:\/\/js-photo.fr\/marathon-de-nantes-2023-page-3\t\" data-type=\"URL\" data-id=\"http:\/\/js-photo.fr\/marathon-de-nantes-2023-page-3\">Page 3\t<\/a><\/li>\n\n\n\n<li><a href=\"http:\/\/js-photo.fr\/marathon-de-nantes-2023-page-4\t\" data-type=\"URL\" data-id=\"http:\/\/js-photo.fr\/marathon-de-nantes-2023-page-4\">Page 4\t<\/a><\/li>\n\n\n\n<li><a href=\"http:\/\/js-photo.fr\/marathon-de-nantes-2023-page-5\t\" data-type=\"URL\" data-id=\"http:\/\/js-photo.fr\/marathon-de-nantes-2023-page-5\">Page 5\t<\/a><\/li>\n\n\n\n<li><a href=\"http:\/\/js-photo.fr\/marathon-de-nantes-2023-page-6\t\" data-type=\"URL\" data-id=\"http:\/\/js-photo.fr\/marathon-de-nantes-2023-page-6\">Page 6\t<\/a><\/li>\n\n\n\n<li><a href=\"http:\/\/js-photo.fr\/marathon-de-nantes-2023-page-7\t\" data-type=\"URL\" data-id=\"http:\/\/js-photo.fr\/marathon-de-nantes-2023-page-7\">Page 7\t<\/a><\/li>\n\n\n\n<li><a href=\"http:\/\/js-photo.fr\/marathon-de-nantes-2023-page-8\t\" data-type=\"URL\" data-id=\"http:\/\/js-photo.fr\/marathon-de-nantes-2023-page-8\">Page 8\t<\/a><\/li>\n\n\n\n<li><a href=\"http:\/\/js-photo.fr\/marathon-de-nantes-2023-page-9\t\" data-type=\"URL\" data-id=\"http:\/\/js-photo.fr\/marathon-de-nantes-2023-page-9\">Page 9\t<\/a><\/li>\n\n\n\n<li><a href=\"http:\/\/js-photo.fr\/marathon-de-nantes-2023-page-10\t\" data-type=\"URL\" data-id=\"http:\/\/js-photo.fr\/marathon-de-nantes-2023-page-10\">Page 10\t<\/a><\/li>\n\n\n\n<li><a href=\"http:\/\/js-photo.fr\/marathon-de-nantes-2023-page-11\t\" data-type=\"URL\" data-id=\"http:\/\/js-photo.fr\/marathon-de-nantes-2023-page-11\">Page 11\t<\/a><\/li>\n\n\n\n<li><a href=\"http:\/\/js-photo.fr\/marathon-de-nantes-2023-page-12\t\" data-type=\"URL\" data-id=\"http:\/\/js-photo.fr\/marathon-de-nantes-2023-page-12\">Page 12\t<\/a><\/li>\n\n\n\n<li><a href=\"http:\/\/js-photo.fr\/marathon-de-nantes-2023-page-13\t\" data-type=\"URL\" data-id=\"http:\/\/js-photo.fr\/marathon-de-nantes-2023-page-13\">Page 13\t<\/a><\/li>\n\n\n\n<li><a href=\"http:\/\/js-photo.fr\/marathon-de-nantes-2023-page-14\t\" data-type=\"URL\" data-id=\"http:\/\/js-photo.fr\/marathon-de-nantes-2023-page-14\">Page 14\t<\/a><\/li>\n\n\n\n<li><a href=\"http:\/\/js-photo.fr\/marathon-de-nantes-2023-page-15\t\" data-type=\"URL\" data-id=\"http:\/\/js-photo.fr\/marathon-de-nantes-2023-page-15\">Page 15\t<\/a><\/li>\n\n\n\n<li><a href=\"http:\/\/js-photo.fr\/marathon-de-nantes-2023-page-16\t\" data-type=\"URL\" data-id=\"http:\/\/js-photo.fr\/marathon-de-nantes-2023-page-16\">Page 16\t<\/a><\/li>\n\n\n\n<li><a href=\"http:\/\/js-photo.fr\/marathon-de-nantes-2023-page-17\t\" data-type=\"URL\" data-id=\"http:\/\/js-photo.fr\/marathon-de-nantes-2023-page-17\">Page 17\t<\/a><\/li>\n\n\n\n<li><a href=\"http:\/\/js-photo.fr\/marathon-de-nantes-2023-page-18\t\" data-type=\"URL\" data-id=\"http:\/\/js-photo.fr\/marathon-de-nantes-2023-page-18\">Page 18\t<\/a><\/li>\n\n\n\n<li><a href=\"http:\/\/js-photo.fr\/marathon-de-nantes-2023-page-19\t\" data-type=\"URL\" data-id=\"http:\/\/js-photo.fr\/marathon-de-nantes-2023-page-19\">Page 19\t<\/a><\/li>\n\n\n\n<li><a href=\"http:\/\/js-photo.fr\/marathon-de-nantes-2023-page-20\t\" data-type=\"URL\" data-id=\"http:\/\/js-photo.fr\/marathon-de-nantes-2023-page-20\">Page 20\t<\/a><\/li>\n\n\n\n<li><a href=\"http:\/\/js-photo.fr\/marathon-de-nantes-2023-page-21\t\" data-type=\"URL\" data-id=\"http:\/\/js-photo.fr\/marathon-de-nantes-2023-page-21\">Page 21\t<\/a><\/li>\n\n\n\n<li><a href=\"http:\/\/js-photo.fr\/marathon-de-nantes-2023-page-22\t\" data-type=\"URL\" data-id=\"http:\/\/js-photo.fr\/marathon-de-nantes-2023-page-22\">Page 22\t<\/a><\/li>\n\n\n\n<li><a href=\"http:\/\/js-photo.fr\/marathon-de-nantes-2023-page-23\t\" data-type=\"URL\" data-id=\"http:\/\/js-photo.fr\/marathon-de-nantes-2023-page-23\">Page 23\t<\/a><\/li>\n\n\n\n<li><a href=\"http:\/\/js-photo.fr\/marathon-de-nantes-2023-page-24\t\" data-type=\"URL\" data-id=\"http:\/\/js-photo.fr\/marathon-de-nantes-2023-page-24\">Page 24\t<\/a><\/li>\n\n\n\n<li><a href=\"http:\/\/js-photo.fr\/marathon-de-nantes-2023-page-25\t\" data-type=\"URL\" data-id=\"http:\/\/js-photo.fr\/marathon-de-nantes-2023-page-25\">Page 25\t<\/a><\/li>\n\n\n\n<li><a href=\"http:\/\/js-photo.fr\/marathon-de-nantes-2023-page-26\t\" data-type=\"URL\" data-id=\"http:\/\/js-photo.fr\/marathon-de-nantes-2023-page-26\">Page 26\t<\/a><\/li>\n\n\n\n<li><a href=\"http:\/\/js-photo.fr\/marathon-de-nantes-2023-page-27\t\" data-type=\"URL\" data-id=\"http:\/\/js-photo.fr\/marathon-de-nantes-2023-page-27\">Page 27\t<\/a><\/li>\n\n\n\n<li><a href=\"http:\/\/js-photo.fr\/marathon-de-nantes-2023-page-28\t\" data-type=\"URL\" data-id=\"http:\/\/js-photo.fr\/marathon-de-nantes-2023-page-28\">Page 28\t<\/a><\/li>\n","protected":false},"excerpt":{"rendered":"<p>23 avril 2023 : 41\u00e8me marathon de Nantes. Pour sa 41\u00e8me \u00e9dition, le marathon de Nantes a battu un record avec plus de 17 000 &hellip; <\/p>\n","protected":false},"author":1,"featured_media":0,"parent":0,"menu_order":0,"comment_status":"closed","ping_status":"closed","template":"","meta":{"footnotes":""},"class_list":["post-24724","page","type-page","status-publish","hentry"],"_links":{"self":[{"href":"http:\/\/js-photo.fr\/acceuil\/wp-json\/wp\/v2\/pages\/24724","targetHints":{"allow":["GET"]}}],"collection":[{"href":"http:\/\/js-photo.fr\/acceuil\/wp-json\/wp\/v2\/pages"}],"about":[{"href":"http:\/\/js-photo.fr\/acceuil\/wp-json\/wp\/v2\/types\/page"}],"author":[{"embeddable":true,"href":"http:\/\/js-photo.fr\/acceuil\/wp-json\/wp\/v2\/users\/1"}],"replies":[{"embeddable":true,"href":"http:\/\/js-photo.fr\/acceuil\/wp-json\/wp\/v2\/comments?post=24724"}],"version-history":[{"count":7,"href":"http:\/\/js-photo.fr\/acceuil\/wp-json\/wp\/v2\/pages\/24724\/revisions"}],"predecessor-version":[{"id":24793,"href":"http:\/\/js-photo.fr\/acceuil\/wp-json\/wp\/v2\/pages\/24724\/revisions\/24793"}],"wp:attachment":[{"href":"http:\/\/js-photo.fr\/acceuil\/wp-json\/wp\/v2\/media?parent=24724"}],"curies":[{"name":"wp","href":"https:\/\/api.w.org\/{rel}","templated":true}]}}