{"id":17480,"date":"2023-02-07T05:36:38","date_gmt":"2023-02-07T04:36:38","guid":{"rendered":"http:\/\/js-photo.fr\/?page_id=17480"},"modified":"2023-04-03T07:41:07","modified_gmt":"2023-04-03T06:41:07","slug":"cormaris-trail-cordemais","status":"publish","type":"page","link":"http:\/\/js-photo.fr\/acceuil\/cormaris-trail-cordemais","title":{"rendered":"Cormaris Trail Cordemais"},"content":{"rendered":"\n<p>Le CORMARIS TRAIL est une \u00e9preuve organis\u00e9e par l&rsquo;Association Cormaris Triathlon Athl\u00e9tisme de la ville de Cordemais . En compl\u00e9ment des deux \u00e9preuves r\u00e9serv\u00e9es aux jeunes (pas de photos), cette \u00e9preuve se d\u00e9roule sur trois distances, 12, 18 et 30 kilom\u00e8tres. <\/p>\n\n\n\n<p><\/p>\n\n\n\n<figure class=\"wp-block-gallery has-nested-images columns-default is-cropped wp-block-gallery-2 is-layout-flex wp-block-gallery-is-layout-flex\">\n<figure class=\"wp-block-image size-full\"><img loading=\"lazy\" decoding=\"async\" width=\"450\" height=\"626\" data-id=\"17481\" src=\"http:\/\/js-photo.fr\/wp-content\/uploads\/2023\/02\/Cormaris0001.jpg\" alt=\"\" class=\"wp-image-17481\" srcset=\"http:\/\/js-photo.fr\/wp-content\/uploads\/2023\/02\/Cormaris0001.jpg 450w, http:\/\/js-photo.fr\/wp-content\/uploads\/2023\/02\/Cormaris0001-402x559.jpg 402w\" sizes=\"auto, (max-width: 450px) 100vw, 450px\" \/><\/figure>\n<\/figure>\n\n\n\n<p><\/p>\n\n\n\n<li>Si vous apparaissez sur l&rsquo;une des photos pr\u00e9sentes sur l&rsquo;une des pages de mon site, et que vous voulez obtenir la ou les photos, contactez moi en pr\u00e9cisant le num\u00e9ro de la photo (en faisant un clique droit) ainsi que le num\u00e9ro de dossard) \u00e0 jsphoto@hotmail.fr. Toutes les photos n&rsquo;ont pas \u00e9t\u00e9 mises sur le site, si vous apparaissez en arri\u00e8re plan contacter moi aussi.  \n<ul class=\"wp-block-list\">\n<li>Plus de 1300 photos r\u00e9parties en 18 pages :\n<ul class=\"wp-block-list\">\n<li><a href=\"http:\/\/js-photo.fr\/cormaris-page-1\" data-type=\"page\" data-id=\"17444\">Page 1<\/a>\n<ul class=\"wp-block-list\">\n<li><a href=\"http:\/\/js-photo.fr\/cormaris-page-2\" data-type=\"page\" data-id=\"17446\">Page 2<\/a><\/li>\n\n\n\n<li><a href=\"http:\/\/js-photo.fr\/cormaris-page-3\" data-type=\"page\" data-id=\"17448\">Page 3<\/a><\/li>\n\n\n\n<li><a href=\"http:\/\/js-photo.fr\/cormaris-page-4\" data-type=\"page\" data-id=\"17450\">Page 4<\/a><\/li>\n\n\n\n<li><a href=\"http:\/\/js-photo.fr\/cormaris-page-5\" data-type=\"page\" data-id=\"17452\">Page 5<\/a><\/li>\n\n\n\n<li><a href=\"http:\/\/js-photo.fr\/cormaris-page-6\" data-type=\"page\" data-id=\"17454\">Page 6<\/a><\/li>\n\n\n\n<li><a href=\"http:\/\/js-photo.fr\/cormaris-page-7\" data-type=\"page\" data-id=\"17456\">Page 7<\/a><\/li>\n\n\n\n<li><a href=\"http:\/\/js-photo.fr\/cormaris-page-8\" data-type=\"page\" data-id=\"17458\">Page 8<\/a><\/li>\n\n\n\n<li><a href=\"http:\/\/js-photo.fr\/cormaris-page-9\" data-type=\"page\" data-id=\"17460\">Page 9<\/a><\/li>\n\n\n\n<li><a href=\"http:\/\/js-photo.fr\/cormaris-page-10\" data-type=\"page\" data-id=\"17462\">Page 10<\/a><\/li>\n\n\n\n<li><a href=\"http:\/\/js-photo.fr\/cormaris-page-11\" data-type=\"page\" data-id=\"17464\">Page 11<\/a><\/li>\n\n\n\n<li><a href=\"http:\/\/js-photo.fr\/cormaris-page-12\" data-type=\"page\" data-id=\"17466\">Page 12<\/a><\/li>\n\n\n\n<li><a href=\"http:\/\/js-photo.fr\/cormaris-page-13\" data-type=\"page\" data-id=\"17468\">Page 13<\/a><\/li>\n\n\n\n<li><a href=\"http:\/\/js-photo.fr\/cormaris-page-14\" data-type=\"page\" data-id=\"17470\">Page 14<\/a><\/li>\n\n\n\n<li><a href=\"http:\/\/js-photo.fr\/cormaris-page-15\" data-type=\"page\" data-id=\"17472\">Page 15<\/a><\/li>\n\n\n\n<li><a href=\"http:\/\/js-photo.fr\/cormaris-page-16\" data-type=\"page\" data-id=\"17474\">Page 16<\/a><\/li>\n\n\n\n<li><a href=\"http:\/\/js-photo.fr\/cormaris-page-17\" data-type=\"page\" data-id=\"17476\">Page 17<\/a><\/li>\n\n\n\n<li><a href=\"http:\/\/js-photo.fr\/cormaris-page-18\" data-type=\"page\" data-id=\"17478\">Page 18<\/a><\/li>\n<\/ul>\n<\/li>\n<\/ul>\n<\/li>\n<\/ul>\n<\/li>\n","protected":false},"excerpt":{"rendered":"<p>Le CORMARIS TRAIL est une \u00e9preuve organis\u00e9e par l&rsquo;Association Cormaris Triathlon Athl\u00e9tisme de la ville de Cordemais . En compl\u00e9ment des deux \u00e9preuves r\u00e9serv\u00e9es aux &hellip; <\/p>\n","protected":false},"author":1,"featured_media":0,"parent":0,"menu_order":0,"comment_status":"open","ping_status":"closed","template":"","meta":{"footnotes":""},"class_list":["post-17480","page","type-page","status-publish","hentry"],"_links":{"self":[{"href":"http:\/\/js-photo.fr\/acceuil\/wp-json\/wp\/v2\/pages\/17480","targetHints":{"allow":["GET"]}}],"collection":[{"href":"http:\/\/js-photo.fr\/acceuil\/wp-json\/wp\/v2\/pages"}],"about":[{"href":"http:\/\/js-photo.fr\/acceuil\/wp-json\/wp\/v2\/types\/page"}],"author":[{"embeddable":true,"href":"http:\/\/js-photo.fr\/acceuil\/wp-json\/wp\/v2\/users\/1"}],"replies":[{"embeddable":true,"href":"http:\/\/js-photo.fr\/acceuil\/wp-json\/wp\/v2\/comments?post=17480"}],"version-history":[{"count":3,"href":"http:\/\/js-photo.fr\/acceuil\/wp-json\/wp\/v2\/pages\/17480\/revisions"}],"predecessor-version":[{"id":18906,"href":"http:\/\/js-photo.fr\/acceuil\/wp-json\/wp\/v2\/pages\/17480\/revisions\/18906"}],"wp:attachment":[{"href":"http:\/\/js-photo.fr\/acceuil\/wp-json\/wp\/v2\/media?parent=17480"}],"curies":[{"name":"wp","href":"https:\/\/api.w.org\/{rel}","templated":true}]}}