{"id":11296,"date":"2022-09-18T16:48:35","date_gmt":"2022-09-18T14:48:35","guid":{"rendered":"http:\/\/js-photo.fr\/?page_id=11296"},"modified":"2022-09-18T16:48:35","modified_gmt":"2022-09-18T14:48:35","slug":"suce-sur-raid-2022","status":"publish","type":"page","link":"http:\/\/js-photo.fr\/acceuil\/suce-sur-raid-2022","title":{"rendered":"Suc\u00e9-sur-Raid-2022"},"content":{"rendered":"\n<p><\/p>\n\n\n\n<h1 class=\"wp-block-heading\">18 septembre 2022<\/h1>\n\n\n\n<p class=\"has-medium-font-size\">Le Raid \u00ab\u00a0Suc\u00e9 sur Raid\u00a0\u00bb est un raid multisport alliant le v\u00e9lo, le cano\u00eb et la course. Au total, plus de 37 kilom\u00e8tres r\u00e9partis entre 25 kilom\u00e8tres de VTT partant du port de Suc\u00e9-sur-Erdre, passant par les chemins de randonn\u00e9e, la V\u00e9lodyss\u00e9e et les plaines de Mazerolles puis 4 kilom\u00e8tres de cano\u00eb sur la plus belle rivi\u00e8re de France et 7 kilom\u00e8tres de course sur les bords de l\u2019Erdre. Sur le site de d\u00e9part, 3 \u00e9preuves individuelles attendaient les participants pour gagner ou perdre du temps. Une course d\u2019orientation avec des balises \u00e0 trouver \u00e9tait aussi au programme de ce raid. 60 \u00e9quipes de 3 co\u00e9quipiers ont pris le d\u00e9part, le maximum pr\u00e9vu, les inscriptions \u00e9taient closes depuis plusieurs mois.<\/p>\n\n\n\n<p>Plus de 250 photos r\u00e9parties sur 4 pages :<\/p>\n\n\n\n<ul class=\"wp-block-list\"><li><a href=\"http:\/\/js-photo.fr\/suce-sur-raid-page-1\" data-type=\"page\" data-id=\"11035\">Page 1<\/a><\/li><li><a href=\"http:\/\/js-photo.fr\/suce-sur-raid-page-2\" data-type=\"page\" data-id=\"11116\">Page 2<\/a><\/li><li><a href=\"http:\/\/js-photo.fr\/suce-sur-raid-page-3\" data-type=\"page\" data-id=\"11198\">Page 3<\/a><\/li><li><a href=\"http:\/\/js-photo.fr\/suce-sur-raid-page-4\" data-type=\"page\" data-id=\"11280\">Page 4<\/a><\/li><\/ul>\n","protected":false},"excerpt":{"rendered":"<p>18 septembre 2022 Le Raid \u00ab\u00a0Suc\u00e9 sur Raid\u00a0\u00bb est un raid multisport alliant le v\u00e9lo, le cano\u00eb et la course. Au total, plus de 37 &hellip; <\/p>\n","protected":false},"author":1,"featured_media":0,"parent":0,"menu_order":0,"comment_status":"closed","ping_status":"closed","template":"","meta":{"footnotes":""},"class_list":["post-11296","page","type-page","status-publish","hentry"],"_links":{"self":[{"href":"http:\/\/js-photo.fr\/acceuil\/wp-json\/wp\/v2\/pages\/11296","targetHints":{"allow":["GET"]}}],"collection":[{"href":"http:\/\/js-photo.fr\/acceuil\/wp-json\/wp\/v2\/pages"}],"about":[{"href":"http:\/\/js-photo.fr\/acceuil\/wp-json\/wp\/v2\/types\/page"}],"author":[{"embeddable":true,"href":"http:\/\/js-photo.fr\/acceuil\/wp-json\/wp\/v2\/users\/1"}],"replies":[{"embeddable":true,"href":"http:\/\/js-photo.fr\/acceuil\/wp-json\/wp\/v2\/comments?post=11296"}],"version-history":[{"count":1,"href":"http:\/\/js-photo.fr\/acceuil\/wp-json\/wp\/v2\/pages\/11296\/revisions"}],"predecessor-version":[{"id":11297,"href":"http:\/\/js-photo.fr\/acceuil\/wp-json\/wp\/v2\/pages\/11296\/revisions\/11297"}],"wp:attachment":[{"href":"http:\/\/js-photo.fr\/acceuil\/wp-json\/wp\/v2\/media?parent=11296"}],"curies":[{"name":"wp","href":"https:\/\/api.w.org\/{rel}","templated":true}]}}